{"id":10673,"date":"2022-05-21T19:37:23","date_gmt":"2022-05-21T18:37:23","guid":{"rendered":"http:\/\/www.tugtowing.cz\/?page_id=10673"},"modified":"2023-02-02T20:54:24","modified_gmt":"2023-02-02T19:54:24","slug":"cabuv-memorial-1","status":"publish","type":"page","link":"https:\/\/www.tugtowing.cz\/?page_id=10673","title":{"rendered":"Cab\u016fv memori\u00e1l"},"content":{"rendered":"<p style=\"text-align: center;\"><img loading=\"lazy\" decoding=\"async\" class=\"aligncenter wp-image-10683\" src=\"https:\/\/www.tugtowing.cz\/wp-content\/uploads\/2022\/05\/banProtivanov2022-300x63.jpg\" alt=\"\" width=\"396\" height=\"83\" srcset=\"https:\/\/www.tugtowing.cz\/wp-content\/uploads\/2022\/05\/banProtivanov2022-300x63.jpg 300w, https:\/\/www.tugtowing.cz\/wp-content\/uploads\/2022\/05\/banProtivanov2022-150x31.jpg 150w, https:\/\/www.tugtowing.cz\/wp-content\/uploads\/2022\/05\/banProtivanov2022.jpg 468w\" sizes=\"auto, (max-width: 396px) 100vw, 396px\" \/><\/p>\n<p style=\"text-align: center;\"><a href=\"https:\/\/www.tugtowing.cz\/?p=10661\">Propozice<\/a><\/p>\n<p style=\"text-align: center;\"><a href=\"https:\/\/www.tugtowing.cz\/?p=10714\">Pl\u00e1nky trat\u00ed<\/a><\/p>\n<p style=\"text-align: center;\">Report\u00e1\u017e<\/p>\n<p style=\"text-align: center;\">Foto<\/p>\n<p style=\"text-align: center;\"><a href=\"https:\/\/www.tugtowing.cz\/doc\/Tabulky\/TTC02-2022.htm\" target=\"_blank\" rel=\"noopener\">V\u00fdsledky<\/a><\/p>\n<p style=\"text-align: center;\">Video<\/p>\n<p style=\"text-align: center;\">Z\u00e1pisy j\u00edzd:<\/p>\n<p>&nbsp;<\/p>\n","protected":false},"excerpt":{"rendered":"<p>Propozice Pl\u00e1nky trat\u00ed Report\u00e1\u017e Foto V\u00fdsledky Video Z\u00e1pisy j\u00edzd: &nbsp;<\/p>\n","protected":false},"author":2,"featured_media":0,"parent":10667,"menu_order":4,"comment_status":"closed","ping_status":"closed","template":"","meta":{"footnotes":""},"class_list":["post-10673","page","type-page","status-publish","hentry"],"_links":{"self":[{"href":"https:\/\/www.tugtowing.cz\/index.php?rest_route=\/wp\/v2\/pages\/10673","targetHints":{"allow":["GET"]}}],"collection":[{"href":"https:\/\/www.tugtowing.cz\/index.php?rest_route=\/wp\/v2\/pages"}],"about":[{"href":"https:\/\/www.tugtowing.cz\/index.php?rest_route=\/wp\/v2\/types\/page"}],"author":[{"embeddable":true,"href":"https:\/\/www.tugtowing.cz\/index.php?rest_route=\/wp\/v2\/users\/2"}],"replies":[{"embeddable":true,"href":"https:\/\/www.tugtowing.cz\/index.php?rest_route=%2Fwp%2Fv2%2Fcomments&post=10673"}],"version-history":[{"count":7,"href":"https:\/\/www.tugtowing.cz\/index.php?rest_route=\/wp\/v2\/pages\/10673\/revisions"}],"predecessor-version":[{"id":10865,"href":"https:\/\/www.tugtowing.cz\/index.php?rest_route=\/wp\/v2\/pages\/10673\/revisions\/10865"}],"up":[{"embeddable":true,"href":"https:\/\/www.tugtowing.cz\/index.php?rest_route=\/wp\/v2\/pages\/10667"}],"wp:attachment":[{"href":"https:\/\/www.tugtowing.cz\/index.php?rest_route=%2Fwp%2Fv2%2Fmedia&parent=10673"}],"curies":[{"name":"wp","href":"https:\/\/api.w.org\/{rel}","templated":true}]}}