{"id":116,"date":"2010-10-22T10:25:28","date_gmt":"2010-10-22T08:25:28","guid":{"rendered":"http:\/\/www.tugtowing.cz\/?page_id=116"},"modified":"2017-01-05T10:25:54","modified_gmt":"2017-01-05T09:25:54","slug":"stanovy","status":"publish","type":"page","link":"https:\/\/www.tugtowing.cz\/?page_id=116","title":{"rendered":"Stanovy"},"content":{"rendered":"<h2><strong>Stanovy Spolku NAMOLO!.<\/strong><\/h2>\n<h2>PREAMBULE<\/h2>\n<p>Spolek NAMOLO! navazuje na \u010dinnost Klubu NAMOLO! o.s. a je jeho pr\u00e1vn\u00edm n\u00e1stupcem.<\/p>\n<h2><strong>\u010cl. 1<\/strong><\/h2>\n<h2><strong>N\u00e1zev, s\u00eddlo, \u00fa\u010del a p\u016fsobnost Spolku<\/strong><\/h2>\n<ol>\n<li>Spolek NAMOLO! (d\u00e1le jen Spolek) je pr\u00e1vnickou osobou, sdru\u017euj\u00edc\u00ed \u010dleny na z\u00e1klad\u011b spole\u010dn\u00e9ho z\u00e1jmu.<\/li>\n<li>Spolek je nez\u00e1visl\u00fd, dobrovoln\u00fd, nepolitick\u00fd, jednaj\u00edc\u00ed sv\u00fdm jm\u00e9nem a na svou zodpov\u011bdnost.<\/li>\n<li>\u00da\u010delem spolku je organizov\u00e1n\u00ed, podpora a provozov\u00e1n\u00ed model\u00e1\u0159sk\u00e9 \u010dinnosti. Spolek p\u016fsob\u00ed na cel\u00e9m \u00fazem\u00ed \u010cesk\u00e9 republiky.<\/li>\n<li>S\u00eddlem spolku je Praha, Dunick\u00e1 3144\/6, 141 00 Praha 4- Z\u00e1b\u011bhlice<\/li>\n<\/ol>\n<h2><strong>\u010cl. 2<\/strong><\/h2>\n<h2><strong>Charakteristika a c\u00edle \u010dinnosti Spolku<\/strong><\/h2>\n<ol>\n<li>Spolek je dobrovolnou model\u00e1\u0159skou, z\u00e1jmovou a technickou organizac\u00ed sdru\u017euj\u00edc\u00ed model\u00e1\u0159e v\u0161ech kategori\u00ed (lodn\u00ed, leteck\u00e9, \u017eelezni\u010dn\u00ed, plastikov\u00e9, raketov\u00e9, auto).<\/li>\n<li>C\u00edle \u010dinnosti Spolku:<\/li>\n<\/ol>\n<ul>\n<li>pr\u00e1ce s ml\u00e1de\u017e\u00ed v&nbsp;oblasti model\u00e1\u0159stv\u00ed,<\/li>\n<li>rozvoj technick\u00fdch a manu\u00e1ln\u00edch zru\u010dnost\u00ed a dovednost\u00ed,<\/li>\n<li>organizov\u00e1n\u00ed sout\u011b\u017e\u00ed a jin\u00fdch akc\u00ed spojen\u00fdch s \u010dinnost\u00ed tohoto Spolku,<\/li>\n<li>organizov\u00e1n\u00ed model\u00e1\u0159sk\u00fdch p\u0159edv\u00e1d\u011bc\u00edch a propaga\u010dn\u00edch akc\u00ed<\/li>\n<li>spolupr\u00e1ce s jin\u00fdmi spole\u010densk\u00fdmi, kulturn\u00edmi a sportovn\u00edmi organizacemi<\/li>\n<\/ul>\n<h2><strong>\u010cl. 3<\/strong><\/h2>\n<h2><strong>Pr\u00e1va a povinnosti \u010dlen\u016f Spolku<\/strong><\/h2>\n<p>Ka\u017ed\u00fd \u010dlen m\u00e1 pr\u00e1vo:<\/p>\n<ol>\n<li>\u00fa\u010dastnit se v\u0161ech akc\u00ed a \u010dinnost\u00ed po\u0159\u00e1dan\u00fdch Spolkem.<\/li>\n<li>\u00fa\u010dastnit se \u010dlensk\u00e9 sch\u016fze<\/li>\n<li>pod\u00e1vat \u00fastn\u00ed a p\u00edsemn\u00e9 n\u00e1vrhy a n\u00e1mitky k \u010dinnosti Spolku<\/li>\n<li>kontrolovat hospoda\u0159en\u00ed Spolku<\/li>\n<li>\u010clen star\u0161\u00ed 18 let m\u016f\u017ee volit do org\u00e1n\u016f Spolku a spolurozhodovat o v\u011bcech Spolku po uplynut\u00ed ro\u010dn\u00ed lh\u016fty, kter\u00e1 zapo\u010dne dnem p\u0159ijet\u00ed \u010dlena do Spolku.<\/li>\n<li>\u010clen star\u0161\u00ed 18 let m\u016f\u017ee b\u00fdt volen do org\u00e1n\u016f Spolku po uplynut\u00ed dvouro\u010dn\u00ed lh\u016fty, kter\u00e1 zapo\u010dne dnem p\u0159ijet\u00ed \u010dlena do Spolku.<\/li>\n<li>Volebn\u00ed pr\u00e1vo dle bod\u016f 5 a 7 tohoto \u010dl\u00e1nku vykon\u00e1v\u00e1 ka\u017ed\u00fd \u010dlen osobn\u011b, v&nbsp;od\u016fvodn\u011bn\u00fdch p\u0159\u00edpadech se m\u016f\u017ee \u010dlen Spolku nechat zastupovat jin\u00fdm \u010dlenem Spolku, p\u0159i\u010dem\u017e toto zmocn\u011bn\u00ed mus\u00ed m\u00edt v\u017edy p\u00edsemnou formu.<\/li>\n<\/ol>\n<p>Ka\u017ed\u00fd \u010dlen m\u00e1 povinnost:<\/p>\n<ol>\n<li>\u0159\u00eddit se stanovami a vnit\u0159n\u00edmi p\u0159edpisy Spolku.<\/li>\n<li>v\u010das platit \u010dlensk\u00e9 p\u0159\u00edsp\u011bvky ve v\u00fd\u0161i stanoven\u00e9 \u010dlenskou sch\u016fz\u00ed pro dan\u00fd rok<\/li>\n<li>nepo\u0161kozovat na ve\u0159ejnosti dobr\u00e9 jm\u00e9no Spolku a dodr\u017eovat z\u00e1sady dobr\u00e9ho chov\u00e1n\u00ed a vystupov\u00e1n\u00ed<\/li>\n<\/ol>\n<h2><strong>\u010cl. 4<\/strong><\/h2>\n<h2><strong>\u010clenstv\u00ed<\/strong><\/h2>\n<ol>\n<li>\u010clenstv\u00ed ve Spolku je dobrovoln\u00e9.<\/li>\n<li>\u010clenem Spolku se m\u016f\u017ee st\u00e1t ka\u017ed\u00fd ob\u010dan star\u0161\u00ed osmn\u00e1cti let na z\u00e1klad\u011b podan\u00e9 p\u00edsemn\u00e9 p\u0159ihl\u00e1\u0161ky. Osoby mlad\u0161\u00ed 18let pouze se souhlasem sv\u00e9ho z\u00e1konn\u00e9ho z\u00e1stupce.<\/li>\n<li>P\u0159ijet\u00ed nov\u00e9ho \u010dlena je podm\u00edn\u011bno jeho souhlasem se stanovami Spolku.<\/li>\n<li>O p\u0159ijet\u00ed nov\u00e9ho \u010dlena rozhoduje V\u00fdbor Spolku. Pokud kdokoliv z \u010dlen\u016f Spolku pod\u00e1 V\u00fdboru Spolku p\u00edsemnou n\u00e1mitku proti p\u0159ijet\u00ed nov\u00e9ho \u010dlena, rozhoduje o p\u0159ijet\u00ed \u010dlensk\u00e1 sch\u016fze Spolku.<\/li>\n<li>\u010clenstv\u00ed ve Spolku zanik\u00e1:<\/li>\n<\/ol>\n<ul>\n<li>\u00famrt\u00edm \u010dlena<\/li>\n<li>vystoupen\u00edm \u010dlena z vlastn\u00ed v\u016fle<\/li>\n<li>vylou\u010den\u00edm usnesen\u00edm \u010dlensk\u00e9 sch\u016fze. Toto je mimo\u0159\u00e1dn\u00fd zp\u016fsob z\u00e1niku \u010dlenstv\u00ed, kter\u00fd lze pou\u017e\u00edt p\u0159i z\u00e1va\u017en\u00e9m poru\u0161en\u00ed \u010dlensk\u00fdch povinnost\u00ed.<\/li>\n<li>z\u00e1nikem Spolku<\/li>\n<\/ul>\n<p>Z\u00e1nikem \u010dlenstv\u00ed z\u00e1rove\u0148 zanikaj\u00ed ve\u0161ker\u00e1 pr\u00e1va \u010dlena Spolku.<\/p>\n<h2><strong>\u010cl. 5<\/strong><\/h2>\n<h2><strong>Organiza\u010dn\u00ed struktura<\/strong><\/h2>\n<ol>\n<li>Spolek vytv\u00e1\u0159\u00ed org\u00e1ny, kter\u00fdmi zaji\u0161\u0165uje \u010dinnost vypl\u00fdvaj\u00edc\u00ed ze stanov.<\/li>\n<li>Org\u00e1ny Spolku tvo\u0159\u00ed:<\/li>\n<\/ol>\n<ul>\n<li>\u010dlensk\u00e1 sch\u016fze<\/li>\n<li>v\u00fdbor Spolku<\/li>\n<li>p\u0159edseda a m\u00edstop\u0159edseda Spolku<\/li>\n<\/ul>\n<ol start=\"3\">\n<li>Volby do v\u0161ech org\u00e1n\u016f Spolku se konaj\u00ed hlasov\u00e1n\u00edm.<\/li>\n<li>Kolektivn\u00ed org\u00e1ny Spolku jsou usn\u00e1\u0161en\u00edschopn\u00e9, je-li p\u0159\u00edtomna nadpolovi\u010dn\u00ed v\u011bt\u0161ina v\u0161ech \u010dlen\u016f s hlasem rozhoduj\u00edc\u00edm. Usnesen\u00ed je p\u0159ijato, jestli\u017ee pro n\u011b hlasovala nadpolovi\u010dn\u00ed v\u011bt\u0161ina p\u0159\u00edtomn\u00fdch \u010dlen\u016f s hlasem rozhoduj\u00edc\u00edm. Ve\u0161ker\u00e1 hlasov\u00e1n\u00ed, s&nbsp;v\u00fdjimkou hlasov\u00e1n\u00ed o z\u00e1niku Spolku, mohou b\u00fdt realizov\u00e1na prost\u0159edky elektronick\u00e9 komunikace (nap\u0159. e-mail, on-line komunika\u010dn\u00ed program, apod.).<\/li>\n<li>Statut\u00e1rn\u00edm org\u00e1nem Spolku m\u016f\u017ee b\u00fdt zvolen jen \u010dlen Spolku star\u0161\u00ed 18 let.<\/li>\n<\/ol>\n<p><strong>a) \u010clensk\u00e1 sch\u016fze<\/strong><\/p>\n<ol>\n<li>\u010clensk\u00e1 sch\u016fze je nejvy\u0161\u0161\u00edm org\u00e1nem Spolku, sch\u00e1z\u00ed se nejm\u00e9n\u011b dvakr\u00e1t ro\u010dn\u011b.<\/li>\n<li>\u010clensk\u00e1 sch\u016fze je svol\u00e1na na z\u00e1klad\u011b po\u017eadavku v\u00fdboru spolku, nebo po\u017eadavku alespo\u0148 2\/3 \u010dlen\u016f, a to do t\u0159iceti dn\u016f od vznesen\u00ed tohoto po\u017eadavku.<\/li>\n<li>O svol\u00e1n\u00ed \u010dlensk\u00e9 sch\u016fze a jej\u00edm programu mus\u00ed b\u00fdt informov\u00e1ni v\u0161ichni \u010dlenov\u00e9 Spolku po\u0161tou nebo e-mailem, na adresu vedenou v seznamu \u010dlen\u016f Spolku, a to nejm\u00e9n\u011b 3 t\u00fddny p\u0159ed jej\u00edm kon\u00e1n\u00edm.<\/li>\n<li>\u010clensk\u00e1 sch\u016fze:<\/li>\n<\/ol>\n<ul>\n<li>vol\u00ed a odvol\u00e1v\u00e1 p\u0159edsedu Spolku, m\u00edstop\u0159edsedu a \u010dleny v\u00fdboru Spolku,<\/li>\n<li>projedn\u00e1v\u00e1 a schvaluje zpr\u00e1vu o \u010dinnosti Spolku a jeho hospoda\u0159en\u00ed<\/li>\n<li>ur\u010duje c\u00edle a hlavn\u00ed \u00fakoly Spolku na p\u0159\u00ed\u0161t\u00ed obdob\u00ed<\/li>\n<li>schvaluje rozpo\u010det na p\u0159\u00ed\u0161t\u00ed obdob\u00ed<\/li>\n<li>schvaluje stanovy Spolku<\/li>\n<li>rozhoduje o z\u00e1niku Spolku<\/li>\n<\/ul>\n<p>&nbsp;<strong>b) V\u00fdbor Spolku<\/strong><\/p>\n<ol>\n<li>V\u00fdbor Spolku je v\u00fdkonn\u00fdm org\u00e1nem Spolku.<\/li>\n<li>V\u00fdbor Spolku:<\/li>\n<\/ol>\n<ul>\n<li>m\u00e1 5 (p\u011bt) \u010dlen\u016f, z&nbsp;toho dva \u010dlenov\u00e9 jsou v\u017edy p\u0159edseda Spolku a m\u00edstop\u0159edseda Spolku<\/li>\n<li>jedn\u00e1 jm\u00e9nem Spolku<\/li>\n<li>vol\u00ed si ze sv\u00e9ho st\u0159edu pokladn\u00edka<\/li>\n<li>p\u0159i sv\u00e9m jedn\u00e1n\u00ed rozhoduje v\u011bt\u0161inou hlas\u016f p\u0159\u00edtomn\u00fdch, v p\u0159\u00edpad\u011b rovnosti hlas\u016f je rozhoduj\u00edc\u00ed hlas p\u0159edsedy,<\/li>\n<li>pln\u00ed \u00fakoly vypl\u00fdvaj\u00edc\u00ed ze stanov,<\/li>\n<li>sch\u00e1z\u00ed se dle pot\u0159eby, nejm\u00e9n\u011b v\u0161ak 4x za rok,<\/li>\n<li>schvaluje, pop\u0159\u00edpad\u011b vytv\u00e1\u0159\u00ed vnit\u0159n\u00ed p\u0159edpisy \u0159\u00edd\u00edc\u00ed \u010dinnost Spolku<\/li>\n<\/ul>\n<ol start=\"3\">\n<li>P\u0159edseda \u0159\u00edd\u00ed \u010dinnost v\u00fdboru Spolku. P\u0159edseda m\u016f\u017ee ud\u011blit \u010dasov\u011b a \u00fa\u010delov\u011b omezenou plnou moc z\u00e1stupci.<\/li>\n<li>Za v\u00fdbor jm\u00e9nem Spolku jednaj\u00ed \u010dlenov\u00e9 v\u00fdboru Spolku samostatn\u011b.<\/li>\n<\/ol>\n<p><strong>&nbsp;c) P\u0159edseda a m\u00edstop\u0159edseda Spolku<\/strong><\/p>\n<ol>\n<li>P\u0159edseda je statut\u00e1rn\u00edm org\u00e1nem Spolku, jedn\u00e1 a zastupuje Spolek navenek.<\/li>\n<li>V&nbsp;nep\u0159\u00edtomnosti p\u0159edsedy Spolku jej v&nbsp;pln\u00e9m rozsahu zastupuje m\u00edstop\u0159edseda Spolku<\/li>\n<li>P\u0159edseda a m\u00edstop\u0159edseda Spolku jsou voleni p\u0159\u00edmo \u010clenskou sch\u016fz\u00ed Spolku. Zvolen\u00edm se automaticky st\u00e1vaj\u00ed \u010dleny V\u00fdboru Spolku.<\/li>\n<li>Pr\u00e1vn\u00ed \u00fakony, pro kter\u00e9 je p\u0159edeps\u00e1na p\u00edsemn\u00e1 forma, se \u010din\u00ed tak, \u017ee k vyti\u0161t\u011bn\u00e9mu nebo napsan\u00e9mu n\u00e1zvu Spolku, otisku raz\u00edtka, vypsan\u00e9mu jm\u00e9nu a p\u0159\u00edjmen\u00ed p\u0159ipoj\u00ed vlastnoru\u010dn\u00ed podpis p\u0159edseda nebo m\u00edstop\u0159edseda Spolku, kter\u00fd \u00fakon podepisuje. Tento vlastnoru\u010dn\u00ed podpis mus\u00ed b\u00fdt shodn\u00fd s jeho podpisem na podpisov\u00e9m vzoru ulo\u017een\u00e9m v s\u00eddle Spolku. P\u0159edseda i m\u00edstop\u0159edseda Spolku mohou podepisovat pr\u00e1vn\u00ed dokumenty samostatn\u011b.<\/li>\n<\/ol>\n<p><strong>d) Volebn\u00ed obdob\u00ed<\/strong><\/p>\n<ol>\n<li>P\u0159edseda, m\u00edstop\u0159edseda a \u010dlenov\u00e9 v\u00fdboru Spolku jsou voleni na funk\u010dn\u00ed obdob\u00ed dvou let.<\/li>\n<li>Nepln\u00ed-li \u010dlen volen\u00e9ho org\u00e1nu \u0159\u00e1dn\u011b svoji funkci, nebo jestli\u017ee z\u00e1va\u017en\u00fdm zp\u016fsobem nebo opakovan\u011b poru\u0161\u00ed obecn\u011b z\u00e1vazn\u00e9 pr\u00e1vn\u00ed p\u0159edpisy, t\u00fdkaj\u00edc\u00ed se Spolku nebo stanovy Spolku, pop\u0159. je-li ne\u010dinn\u00fd po dobu nejm\u00e9n\u011b t\u0159\u00ed m\u011bs\u00edc\u016f, m\u016f\u017ee jej p\u0159ed uplynut\u00edm funk\u010dn\u00edho obdob\u00ed odvolat org\u00e1n, kter\u00fd jej zvolil. Funkce odvolan\u00e9ho \u010dlena org\u00e1nu kon\u010d\u00ed dnem rozhodnut\u00ed org\u00e1nu o odvol\u00e1n\u00ed.<\/li>\n<li>\u010clen org\u00e1nu Spolku, kter\u00fd je do sv\u00e9 funkce zvolen, m\u016f\u017ee z funkce odstoupit, je v\u0161ak povinen ozn\u00e1mit to org\u00e1nu, jeho\u017e je \u010dlenem. P\u0159\u00edslu\u0161n\u00fd org\u00e1n mus\u00ed odstoupen\u00ed projednat na sv\u00e9m nejbli\u017e\u0161\u00edm zased\u00e1n\u00ed pot\u00e9, kdy se o odstoupen\u00ed dov\u011bd\u011bl. Funkce odstoupiv\u0161\u00edho \u010dlena org\u00e1nu kon\u010d\u00ed dnem, kdy odstoupen\u00ed p\u0159\u00edslu\u0161n\u00fd org\u00e1n projednal.<\/li>\n<li>Do 60 dn\u016f po ukon\u010den\u00ed funkce \u010dlena org\u00e1nu mus\u00ed b\u00fdt svol\u00e1na \u010dlensk\u00e1 sch\u016fze a provedena dopl\u0148ovac\u00ed volba \u010dlena org\u00e1nu.<\/li>\n<\/ol>\n<h2><strong>\u010cl. 6<\/strong><\/h2>\n<h2><strong>Z\u00e1sady hospoda\u0159en\u00ed<\/strong><\/h2>\n<ol>\n<li>Zdroje p\u0159\u00edjm\u016f:<\/li>\n<\/ol>\n<ul>\n<li>\u010dlensk\u00e9 p\u0159\u00edsp\u011bvky,<\/li>\n<li>dotace a p\u0159\u00edsp\u011bvky st\u00e1tu,<\/li>\n<li>p\u0159\u00edsp\u011bvky a dary sponzor\u016f, p\u0159isp\u011bvovatel\u016f a jin\u00fdch pl\u00e1tc\u016f v\u010detn\u011b zahrani\u010dn\u00edch,<\/li>\n<li>v\u00fdnosy z reklam<\/li>\n<\/ul>\n<ol start=\"2\">\n<li>U\u017eit\u00ed p\u0159\u00edjm\u016f:<\/li>\n<\/ol>\n<p>V\u0161echny p\u0159\u00edjmy Spolku budou vyu\u017eity v\u00fdhradn\u011b ve prosp\u011bch \u010dinnosti Spolku, jeho rozvoje a \u010dinnost\u00ed vypl\u00fdvaj\u00edc\u00edch ze stanov Spolku.<\/p>\n<ol start=\"3\">\n<li>V\u0161echny majetkov\u00e9 a \u00fa\u010detn\u00ed vztahy Spolku budou vedeny dle obecn\u011b platn\u00fdch pr\u00e1vn\u00edch p\u0159edpis\u016f.<\/li>\n<\/ol>\n<h2><strong>\u010cl. 7<\/strong><\/h2>\n<h2><strong>Z\u00e1nik Spolku<\/strong><\/h2>\n<ol>\n<li>Spolek zanik\u00e1 ukon\u010den\u00edm \u010dinnosti s likvidac\u00ed, o kter\u00e9 rozhoduje \u010dlensk\u00e1 sch\u016fze.<\/li>\n<li>V&nbsp;p\u0159\u00edpad\u011b z\u00e1niku spolku je jeho likvida\u010dn\u00ed z\u016fstatek bezplatn\u011b p\u0159eveden na jinou pr\u00e1vnickou osobu neziskov\u00e9ho charakteru, jej\u00ed\u017e c\u00edle jsou bl\u00edzk\u00e9 c\u00edl\u016fm spolku.<\/li>\n<\/ol>\n<h2><strong>\u010cl. 8<\/strong><\/h2>\n<h2><strong>Z\u00e1v\u011bre\u010dn\u00e1 a p\u0159echodn\u00e1 ustanoven\u00ed<\/strong><\/h2>\n<ol>\n<li>Stanovy jsou z\u00e1vazn\u00e9 pro v\u0161echny \u010dleny Spolku. Nab\u00fdvaj\u00ed platnosti a \u00fa\u010dinnosti dnem n\u00e1sleduj\u00edc\u00edm po schv\u00e1len\u00ed \u010dlenskou sch\u016fz\u00ed.<\/li>\n<li>\u010clenov\u00e9 Klubu NAMOLO! o.s. se schv\u00e1len\u00edm t\u011bchto stanov st\u00e1vaj\u00ed \u010dleny Spolku NAMOLO!<\/li>\n<li>Do lh\u016ft dle \u010dl\u00e1nku 3, bod\u016f 5 a 6, se zapo\u010d\u00edt\u00e1v\u00e1 i doba \u010dlenstv\u00ed v&nbsp;Klubu NAMOLO! o.s.<\/li>\n<\/ol>\n<p>&nbsp;<\/p>\n","protected":false},"excerpt":{"rendered":"<p>Stanovy Spolku NAMOLO!. PREAMBULE Spolek NAMOLO! navazuje na \u010dinnost Klubu NAMOLO! o.s. a je jeho pr\u00e1vn\u00edm n\u00e1stupcem. \u010cl. 1 N\u00e1zev, s\u00eddlo, \u00fa\u010del a p\u016fsobnost Spolku Spolek NAMOLO! (d\u00e1le jen Spolek) je pr\u00e1vnickou osobou, sdru\u017euj\u00edc\u00ed \u010dleny na z\u00e1klad\u011b spole\u010dn\u00e9ho z\u00e1jmu. Spolek je nez\u00e1visl\u00fd, dobrovoln\u00fd, nepolitick\u00fd, jednaj\u00edc\u00ed sv\u00fdm jm\u00e9nem a na svou zodpov\u011bdnost. \u00da\u010delem spolku je organizov\u00e1n\u00ed, [&hellip;]<\/p>\n","protected":false},"author":2,"featured_media":0,"parent":52,"menu_order":0,"comment_status":"closed","ping_status":"open","template":"","meta":{"footnotes":""},"class_list":["post-116","page","type-page","status-publish","hentry"],"_links":{"self":[{"href":"https:\/\/www.tugtowing.cz\/index.php?rest_route=\/wp\/v2\/pages\/116","targetHints":{"allow":["GET"]}}],"collection":[{"href":"https:\/\/www.tugtowing.cz\/index.php?rest_route=\/wp\/v2\/pages"}],"about":[{"href":"https:\/\/www.tugtowing.cz\/index.php?rest_route=\/wp\/v2\/types\/page"}],"author":[{"embeddable":true,"href":"https:\/\/www.tugtowing.cz\/index.php?rest_route=\/wp\/v2\/users\/2"}],"replies":[{"embeddable":true,"href":"https:\/\/www.tugtowing.cz\/index.php?rest_route=%2Fwp%2Fv2%2Fcomments&post=116"}],"version-history":[{"count":0,"href":"https:\/\/www.tugtowing.cz\/index.php?rest_route=\/wp\/v2\/pages\/116\/revisions"}],"up":[{"embeddable":true,"href":"https:\/\/www.tugtowing.cz\/index.php?rest_route=\/wp\/v2\/pages\/52"}],"wp:attachment":[{"href":"https:\/\/www.tugtowing.cz\/index.php?rest_route=%2Fwp%2Fv2%2Fmedia&parent=116"}],"curies":[{"name":"wp","href":"https:\/\/api.w.org\/{rel}","templated":true}]}}