{"id":15,"date":"2010-10-18T14:35:29","date_gmt":"2010-10-18T13:35:29","guid":{"rendered":"http:\/\/www.tugtowing.cz\/?page_id=15"},"modified":"2015-12-01T20:52:45","modified_gmt":"2015-12-01T19:52:45","slug":"nocni-plavby","status":"publish","type":"page","link":"https:\/\/www.tugtowing.cz\/?page_id=15","title":{"rendered":"No\u010dn\u00ed plavby"},"content":{"rendered":"<p><a class=\"shutterset_\" title=\"No\u010dn\u00ed plavba - remork\u00e9r.\" href=\"https:\/\/www.tugtowing.cz\/wp-content\/uploads\/default\/if004.jpg\"><img loading=\"lazy\" decoding=\"async\" class=\"ngg-singlepic ngg-left alignleft\" src=\"https:\/\/www.tugtowing.cz\/wp-content\/uploads\/default\/thumbs\/thumbs_if004.jpg\" alt=\"Nocni plavba - remorker\" width=\"100\" height=\"75\" \/><\/a>Pravidla pro no\u010dn\u00ed plavby. Jedn\u00e1 se o dopln\u011bk platn\u00fdch pravidel pro tug towing. V t\u011bchto pravidlech je pops\u00e1no, jak mus\u00ed b\u00fdt b\u011bhem sout\u011b\u017en\u00ed plavby osv\u011btleny remork\u00e9ry a sout\u011b\u017en\u00ed vleky.<\/p>\n<p><img decoding=\"async\" class=\"ngg-singlepic ngg-left\" src=\"https:\/\/www.tugtowing.cz\/wp-content\/uploads\/icons\/icopdf.gif\" alt=\"icopdf\" \/> <a title=\"Pravidla pro no\u010dn\u00ed plavby\" href=\"doc\/Pravidla\/2009_Pravidla_DoplnekProNocniPlavby_1.pdf\" target=\"_blank\">St\u00e1hn\u011bte si dokument<\/a><\/p>\n","protected":false},"excerpt":{"rendered":"<p>Pravidla pro no\u010dn\u00ed plavby. Jedn\u00e1 se o dopln\u011bk platn\u00fdch pravidel pro tug towing. V t\u011bchto pravidlech je pops\u00e1no, jak mus\u00ed b\u00fdt b\u011bhem sout\u011b\u017en\u00ed plavby osv\u011btleny remork\u00e9ry a sout\u011b\u017en\u00ed vleky. St\u00e1hn\u011bte si dokument<\/p>\n","protected":false},"author":1,"featured_media":0,"parent":10,"menu_order":40,"comment_status":"open","ping_status":"closed","template":"","meta":{"footnotes":""},"class_list":["post-15","page","type-page","status-publish","hentry"],"_links":{"self":[{"href":"https:\/\/www.tugtowing.cz\/index.php?rest_route=\/wp\/v2\/pages\/15","targetHints":{"allow":["GET"]}}],"collection":[{"href":"https:\/\/www.tugtowing.cz\/index.php?rest_route=\/wp\/v2\/pages"}],"about":[{"href":"https:\/\/www.tugtowing.cz\/index.php?rest_route=\/wp\/v2\/types\/page"}],"author":[{"embeddable":true,"href":"https:\/\/www.tugtowing.cz\/index.php?rest_route=\/wp\/v2\/users\/1"}],"replies":[{"embeddable":true,"href":"https:\/\/www.tugtowing.cz\/index.php?rest_route=%2Fwp%2Fv2%2Fcomments&post=15"}],"version-history":[{"count":0,"href":"https:\/\/www.tugtowing.cz\/index.php?rest_route=\/wp\/v2\/pages\/15\/revisions"}],"up":[{"embeddable":true,"href":"https:\/\/www.tugtowing.cz\/index.php?rest_route=\/wp\/v2\/pages\/10"}],"wp:attachment":[{"href":"https:\/\/www.tugtowing.cz\/index.php?rest_route=%2Fwp%2Fv2%2Fmedia&parent=15"}],"curies":[{"name":"wp","href":"https:\/\/api.w.org\/{rel}","templated":true}]}}