{"id":1798,"date":"2011-07-22T11:20:21","date_gmt":"2011-07-22T09:20:21","guid":{"rendered":"http:\/\/www.tugtowing.cz\/?page_id=1798"},"modified":"2011-09-19T22:44:03","modified_gmt":"2011-09-19T20:44:03","slug":"o-soudek-panistavky-2011","status":"publish","type":"page","link":"https:\/\/www.tugtowing.cz\/?page_id=1798","title":{"rendered":"O soudek Panist\u00e1vky 2011"},"content":{"rendered":"<p style=\"text-align: center;\"><img decoding=\"async\" class=\"ngg-singlepic ngg-center\" src=\"https:\/\/www.tugtowing.cz\/wp-content\/uploads\/bannery\/banpanistavka2011.gif\" alt=\"banpanistavka2011\" \/><\/p>\n<p style=\"text-align: center;\"><a title=\"Propozice\" href=\"https:\/\/www.tugtowing.cz\/?p=1793\">Propozice<\/a><\/p>\n<p style=\"text-align: center;\"><a title=\"Pl\u00e1nky trat\u00ed\" href=\"https:\/\/www.tugtowing.cz\/?p=1862\">Pl\u00e1nky trat\u00ed<\/a><\/p>\n<p style=\"text-align: center;\"><a title=\"Report\u00e1\u017e\" href=\"https:\/\/www.tugtowing.cz\/?p=1898\">Report\u00e1\u017e<\/a><\/p>\n<p style=\"text-align: center;\"><a title=\"Fotogalerie\" href=\"https:\/\/www.tugtowing.cz\/?page_id=446#TT09\">Foto<\/a><\/p>\n<p style=\"text-align: center;\"><a title=\"Videokan\u00e1l TugTowing.CZ\" href=\"http:\/\/www.youtube.com\/user\/TugTowingCZ?feature=mhee#p\/u\/0\/7D4IH9hiqoU\" target=\"_blank\">Video<\/a><\/p>\n<p style=\"text-align: center;\"><a title=\"V\u00fdsledky\" href=\"https:\/\/www.tugtowing.cz\/doc\/Tabulky\/TTC04-2011.htm\" target=\"_blank\">V\u00fdsledky<\/a><\/p>\n<p style=\"text-align: center;\">Z\u00e1pisy j\u00edzd: <a title=\"Z\u00e1pisy j\u00edzd LTT\" href=\"https:\/\/www.tugtowing.cz\/doc\/TTC2011\/TTC04-LTT.rar\" target=\"_blank\">LTT<\/a>, <a title=\"Jak\u00e1 byla sout\u011b\u017e \u201eO soudek Panist\u00e1vky 2011\u2033 \u2013 anketa\" href=\"https:\/\/www.tugtowing.cz\/doc\/TTC2011\/TTC04-TTT.rar\" target=\"_blank\">TTT<\/a>,<a title=\"Z\u00e1pisy j\u00edzd TLR1\" href=\"https:\/\/www.tugtowing.cz\/doc\/TTC2011\/TTC04-TLR1.rar\" target=\"_blank\"> TLR1<\/a>,<a title=\"Z\u00e1pisy j\u00edzd TLR2\" href=\"https:\/\/www.tugtowing.cz\/doc\/TTC2011\/TTC04-TLR2.rar\" target=\"_blank\"> TLR2<\/a><\/p>\n","protected":false},"excerpt":{"rendered":"<p>Propozice Pl\u00e1nky trat\u00ed Report\u00e1\u017e Foto Video V\u00fdsledky Z\u00e1pisy j\u00edzd: LTT, TTT, TLR1, TLR2<\/p>\n","protected":false},"author":2,"featured_media":0,"parent":5,"menu_order":4,"comment_status":"closed","ping_status":"closed","template":"","meta":{"footnotes":""},"class_list":["post-1798","page","type-page","status-publish","hentry"],"_links":{"self":[{"href":"https:\/\/www.tugtowing.cz\/index.php?rest_route=\/wp\/v2\/pages\/1798","targetHints":{"allow":["GET"]}}],"collection":[{"href":"https:\/\/www.tugtowing.cz\/index.php?rest_route=\/wp\/v2\/pages"}],"about":[{"href":"https:\/\/www.tugtowing.cz\/index.php?rest_route=\/wp\/v2\/types\/page"}],"author":[{"embeddable":true,"href":"https:\/\/www.tugtowing.cz\/index.php?rest_route=\/wp\/v2\/users\/2"}],"replies":[{"embeddable":true,"href":"https:\/\/www.tugtowing.cz\/index.php?rest_route=%2Fwp%2Fv2%2Fcomments&post=1798"}],"version-history":[{"count":0,"href":"https:\/\/www.tugtowing.cz\/index.php?rest_route=\/wp\/v2\/pages\/1798\/revisions"}],"up":[{"embeddable":true,"href":"https:\/\/www.tugtowing.cz\/index.php?rest_route=\/wp\/v2\/pages\/5"}],"wp:attachment":[{"href":"https:\/\/www.tugtowing.cz\/index.php?rest_route=%2Fwp%2Fv2%2Fmedia&parent=1798"}],"curies":[{"name":"wp","href":"https:\/\/api.w.org\/{rel}","templated":true}]}}