{"id":2133,"date":"2011-11-26T19:00:10","date_gmt":"2011-11-26T18:00:10","guid":{"rendered":"http:\/\/www.tugtowing.cz\/?page_id=2133"},"modified":"2013-10-09T20:37:31","modified_gmt":"2013-10-09T19:37:31","slug":"tug-towing-cup-2012","status":"publish","type":"page","link":"https:\/\/www.tugtowing.cz\/?page_id=2133","title":{"rendered":"Tug Towing Cup 2012"},"content":{"rendered":"<p><img loading=\"lazy\" decoding=\"async\" class=\"ngg-singlepic ngg-left alignleft\" alt=\"logottc2012\" src=\"https:\/\/www.tugtowing.cz\/wp-content\/uploads\/loga\/logottc2012.png\" width=\"120\" height=\"120\" \/>Tug Towing Cup je seri\u00e1l vybran\u00fdch sout\u011b\u017en\u00edch setk\u00e1n\u00ed v tug towingu. V\u00fdsledky t\u011bchto sout\u011b\u017en\u00edch setk\u00e1n\u00ed se zapo\u010d\u00edt\u00e1vaj\u00ed do tzv.<em> &#8222;poh\u00e1ru&#8220;<\/em>. T\u00fdm, kter\u00fd z t\u011bchto sout\u011b\u017e\u00ed z\u00edsk\u00e1 nejv\u00edce bod\u016f, z\u00edsk\u00e1v\u00e1 presti\u017en\u00ed titul <strong>&#8222;\u0161ampiona v Tug Towingu&#8220;<\/strong> a putovn\u00ed poh\u00e1r.<\/p>\n<p>&nbsp;<\/p>\n<p>&nbsp;<\/p>\n<p>&nbsp;<\/p>\n<p style=\"text-align: center;\"><strong>V\u00ddSLEDKY<\/strong><\/p>\n<p style=\"text-align: center;\">Kategorie: <strong>tla\u010dn\u00e9 remork\u00e9ry &#8211; jedno\u0161roub\u00e9<\/strong><\/p>\n<p style=\"text-align: center;\">Celkov\u00fdm v\u00edt\u011bzem t\u00e9to kategorie se stal t\u00fdm<\/p>\n<p style=\"text-align: center;\"><img loading=\"lazy\" decoding=\"async\" alt=\"poharobrazek\" src=\"https:\/\/www.tugtowing.cz\/wp-content\/uploads\/default\/poharobrazek.jpg\" width=\"73\" height=\"91\" \/><\/p>\n<p style=\"text-align: center;\"><strong>TF323 tla\u010dn\u00e1<\/strong><\/p>\n<p style=\"text-align: center;\">remork\u00e9r: \u010cerven\u00fd trpasl\u00edk<br \/>\nkapit\u00e1n: <strong>Lud\u011bk Rais<\/strong><\/p>\n<p style=\"text-align: center;\">2. m\u00edsto: t\u00fdm Tla\u010dmen<br \/>\n3.m\u00edsto: t\u00fdm S\u00f3lo<\/p>\n<p style=\"text-align: center;\">Kategorie: <strong>tla\u010dn\u00e9 remork\u00e9ry -v\u00edce\u0161roub\u00e9<\/strong><\/p>\n<p style=\"text-align: center;\">Celkov\u00fdm v\u00edt\u011bzem t\u00e9to kategorie se stal t\u00fdm<\/p>\n<p style=\"text-align: center;\"><img loading=\"lazy\" decoding=\"async\" alt=\"poharobrazek\" src=\"https:\/\/www.tugtowing.cz\/wp-content\/uploads\/default\/poharobrazek.jpg\" width=\"73\" height=\"91\" \/><\/p>\n<p style=\"text-align: center;\"><strong>JaPaDo<\/strong><\/p>\n<p style=\"text-align: center;\">remork\u00e9r: Flek<br \/>\nkapit\u00e1n: <strong>Jarda Dole\u010dek<br \/>\n<\/strong><\/p>\n<p style=\"text-align: center;\">2.m\u00edsto: t\u00fdm \u010cSPLO II<br \/>\n3.m\u00edsto: t\u00fdm Prvn\u00ed tla\u010dn\u00e1 a.s.<\/p>\n<p style=\"text-align: center;\">Kategorie: <strong>lehk\u00fd tug towing<\/strong><\/p>\n<p style=\"text-align: center;\">Celkov\u00fdm v\u00edt\u011bzem t\u00e9to kategorie se stal t\u00fdm<\/p>\n<p style=\"text-align: center;\"><img loading=\"lazy\" decoding=\"async\" alt=\"poharobrazek\" src=\"https:\/\/www.tugtowing.cz\/wp-content\/uploads\/default\/poharobrazek.jpg\" width=\"73\" height=\"91\" \/><\/p>\n<p style=\"text-align: center;\"><strong>LoVe lite<\/strong><\/p>\n<p style=\"text-align: center;\">remork\u00e9ry: Abeille Flandre, B2<br \/>\nkapit\u00e1ni:<strong> Ji\u0159\u00ed Loren\u010d\u00edk (Godrik)<\/strong>, <strong>Marek Sobaniec (MSOB)<\/strong><\/p>\n<p style=\"text-align: center;\">2.m\u00edsto: t\u00fdm B\u00e9\u010dka<br \/>\n3.m\u00edsto: t\u00fdm Rum\u00edci<\/p>\n<p style=\"text-align: center;\">Kategorie: <strong>t\u011b\u017ek\u00fd tug towing<\/strong><\/p>\n<p style=\"text-align: center;\">Celkov\u00fdm v\u00edt\u011bzem t\u00e9to kategorie se stal t\u00fdm<\/p>\n<p style=\"text-align: center;\"><img loading=\"lazy\" decoding=\"async\" alt=\"poharobrazek\" src=\"https:\/\/www.tugtowing.cz\/wp-content\/uploads\/default\/poharobrazek.jpg\" width=\"73\" height=\"91\" \/><\/p>\n<p style=\"text-align: center;\"><strong>Parat<\/strong><\/p>\n<p style=\"text-align: center;\">remork\u00e9ry: Sysifos, Parat<br \/>\nkapit\u00e1ni: <strong>Lud\u011bk Rais<\/strong>, <strong>Milan Bure\u0161<\/strong><\/p>\n<p style=\"text-align: center;\">2.m\u00edsto: t\u00fdm TF323<br \/>\n3.m\u00edsto: Rychle a Zb\u011bsile<\/p>\n<h3 style=\"text-align: center;\">V\u0161em v\u00edt\u011bz\u016fm srde\u010dn\u011b blahop\u0159ejeme!<\/h3>\n<p>Titul a poh\u00e1r se ud\u011bluje za kategorie:<\/p>\n<ul>\n<li>lehk\u00fd tug towing<\/li>\n<li>t\u011b\u017ek\u00fd tug towing<\/li>\n<li>tla\u010dn\u00e9 remork\u00e9ry jedno\u0161roub\u00e9<\/li>\n<li>tla\u010dn\u00e9 remork\u00e9ry dvou\u0161roub\u00e9<\/li>\n<\/ul>\n<p><a title=\"Pravidla TTC 2012\" href=\"https:\/\/www.tugtowing.cz\/?page_id=2126\">Pravidla TTC 2012<\/a><\/p>\n<p><a class=\"shutterset_\" title=\"Logo Tug Towing Cup 2012\" href=\"https:\/\/www.tugtowing.cz\/wp-content\/uploads\/loga\/logottc2012.png\"><img decoding=\"async\" class=\"ngg-singlepic ngg-none\" alt=\"logottc2012\" src=\"https:\/\/www.tugtowing.cz\/wp-content\/uploads\/loga\/thumbs\/thumbs_logottc2012.png\" \/><\/a><\/p>\n<p>Logo Tug Towing Cup 2012<\/p>\n<p>&nbsp;<\/p>\n<p><strong>Sout\u011b\u017en\u00ed setk\u00e1n\u00ed zapo\u010d\u00edt\u00e1van\u00e1 do poh\u00e1ru<\/strong><\/p>\n<p>25.02.2012 \u2013 26.02.2012 \u2013 <a href=\"https:\/\/www.tugtowing.cz\/?page_id=2180\">Zimn\u00ed Tug Towing, Most<\/a> (term\u00edn a ubytov\u00e1n\u00ed potvrzeno)<br \/>\n11.05.2012 \u2013 13.05.2012 \u2013 <a href=\"https:\/\/www.tugtowing.cz\/?page_id=2289\">V\u00edkend s Tug Towingem, Buchlovice<\/a> (term\u00edn a ubytov\u00e1n\u00ed potvrzeno)<br \/>\n25.05.2012 \u2013 27.05.2012 \u2013 <a href=\"https:\/\/www.tugtowing.cz\/?page_id=2287\">Tug Towing v Protivanov\u011b, Protivanov<\/a> (term\u00edn a ubytov\u00e1n\u00ed potvrzeno)<br \/>\n14.09.2012 \u2013 16.09.2012 \u2013 <a href=\"https:\/\/www.tugtowing.cz\/?page_id=2291\">O soudek Panist\u00e1vky, \u017dirovnice<\/a> (term\u00edn a ubytov\u00e1n\u00ed potvrzeno)<\/p>\n<p>[nggallery id=13]<\/p>\n<p>&nbsp;<\/p>\n<p><span class=\"smarterwiki-popup-bubble smarterwiki-popup-bubble-active smarterwiki-popup-bubble-flipped\" style=\"top: 1765px; left: 376px; margin-left: -54px; opacity: 0.554732;\"><span class=\"smarterwiki-popup-bubble-body\"><span class=\"smarterwiki-popup-bubble-links-container\"><span class=\"smarterwiki-popup-bubble-links\"><span class=\"smarterwiki-popup-bubble-links-row\"><a class=\"smarterwiki-popup-bubble-link\" title=\"Search DuckDuckGo\" href=\"http:\/\/duckduckgo.com\/?q=O%20soudek%20Panist%C3%A1vky%2C%20%C5%BDirovnice\" target=\"_blank\"><img decoding=\"async\" class=\"smarterwiki-popup-bubble-link-favicon\" alt=\"\" src=\"https:\/\/ff.duckduckgo.com\/favicon.ico\" \/><\/a><a class=\"smarterwiki-popup-bubble-link\" title=\"Search Wikipedia\" href=\"http:\/\/www.google.com\/search?hl=com&amp;btnI=I'm+Feeling+Lucky&amp;q=O%20soudek%20Panist%C3%A1vky%2C%20%C5%BDirovnice+wikipedia\" target=\"_blank\"><img decoding=\"async\" class=\"smarterwiki-popup-bubble-link-favicon\" alt=\"\" src=\"data:image\/png;base64,iVBORw0KGgoAAAANSUhEUgAAABQAAAATCAYAAACQjC21AAAAAXNSR0IArs4c6QAAAAZiS0dEAP8A\/wD\/oL2nkwAAAAlwSFlzAAAIpwAACKcBMsYCAwAAAAd0SU1FB9kFEwgQLXKnj9oAAAPsSURBVDiNdVRZSGRXEH1Joz8icSIMJsEQEvKvov4ICoOYIAp+KKISkLiAgij5UGOMjgoug6CiKC64i\/sSpVHcl7jv7W6722pcWmyNoqBW6hRpyYSZC8W7975bdU+dOrcUIlL+axYWFq+SkpLybWxsYo17VlZWX\/H6DebOzs4\/ent7\/+Lu7v7z\/31h7y8U5fvV1VWNra3tIObGvZqamtaHh4fHxMTExb29vcejoyMKCwt7jIqKWuD\/bz4Y0MXF5e319bU2JyfngA99x\/YJ22empqZuERERKwcHB9Td3U37+\/u0srJCc3NzNDIyQk1NTVcqleonPvv6JSCPL87OznQ8p+TkZC2vv2GzcnNz+83a2joqLy9vCQFnZ2dpfX2dlpaWqLe3lzo7O+WStLS0ORMTE7+XgCkpKTX07\/Dz86PIyEhDVlaWISMjgxISEmRfp9PRzs4O7e7uEtMi6EZHRyVweHg4gp6bm5tbKK958PlbODES+ZmZmQmkxjsE2d3dHWm1WsrOzqa6ujoaGhqigYEBGh4epvT0dCovLyd7e3sfhR3fGR0vLy9fULa0tMj8\/PycNBoNcVGIi0NxcXHU09NDY2Nj1N\/fL2mXlZXJJV5eXkXK9va2DojggIDPz8\/iuLGxQcvLy8IXEN7c3JBer5f14uKiIOzr66P29naqqqqiiooK8vf3n1aYbP3ExIQcZkkIKgcHBwJ\/BoNB1ltbW8IbF466urrk3OTkpFhDQ4MEZA7Jx8fnSGEJ6I2pHh4eyvf2ViglVBbBwBMQb25u0sLCgnAXExMjVLS1tVFJSYmkHRoa+pfCmydwPjk5EYf7+3txwBoVRTFmZmZetFdcXEyBgYGUm5srVa6traWioiIqKCig4ODgVYVJnUE6LGpBhLQQDMjAHeaQzPT0tASG7iorK0U2kAwC4hIE9PT0HFZYvB7j4+NPQHlxcSGFOD4+Fvnw8xKOUGnwxAWkqakpqSz7CJ\/V1dXEmiV+\/+To6Pi7CJvFq356ehIHaA2ogPjq6krSRlVbW1ulqoODgyIbyMfX15dKS0spNjYWAf+2tLT8UgLyJAIPHinPz89LFcEXJIJUcdHa2ppIBAjVajWlpqYSNwcqLCwUdEFBQX9+ysP4llXcSf7gFO6A8PT0lJqbm4UXvB6kBc6QKgz\/sAfu8Ers7OzecYxv3+s2PD53dXX9FVUFCiCqr6+njo4OSRMBwSN3FylKfn4+MQgKCAhAC1N9rB+aODk5vWUU5+ARUoHu8CpQ0cbGRjFcxA3kkjtRAft8\/dEGazRuRabcZH8ICQkpjo6OVjNHmvj4+GXuiyMeHh453ATCzMzMXn3I9x8oCiuuorpqawAAAABJRU5ErkJggg==\" \/><\/a><\/span><span class=\"smarterwiki-popup-bubble-links-row\"><a class=\"smarterwiki-popup-bubble-link\" title=\"Search Google\" href=\"http:\/\/www.google.com\/search?q=O%20soudek%20Panist%C3%A1vky%2C%20%C5%BDirovnice\" target=\"_blank\"><img decoding=\"async\" class=\"smarterwiki-popup-bubble-link-favicon\" alt=\"\" src=\"https:\/\/www.google.com\/favicon.ico\" \/><\/a><a class=\"smarterwiki-popup-bubble-link\" title=\"Search Surf Canyon\" href=\"http:\/\/search.surfcanyon.com\/search?f=nrl1&amp;q=O%20soudek%20Panist%C3%A1vky%2C%20%C5%BDirovnice&amp;partner=fastestfox\" target=\"_blank\"><img decoding=\"async\" class=\"smarterwiki-popup-bubble-link-favicon\" alt=\"\" src=\"data:image\/x-icon;base64,AAABAAEAEBAAAAEAIABoBAAAFgAAACgAAAAQAAAAIAAAAAEAIAAAAAAAAAQAAAAAAAAAAAAAAAAAAAAAAAD\/\/\/8A\/\/\/\/AP\/\/\/wD\/\/\/8A\/\/\/\/AP\/\/\/wD\/\/\/8A\/\/\/\/AP\/\/\/wD\/\/\/8A\/\/\/\/AP\/\/\/wD\/\/\/8A\/\/\/\/AP\/\/\/wD\/\/\/8A\/\/\/\/AP\/\/\/wD\/\/\/8AycnKOmdmaastLTDuIB8j\/yAfI\/87Oz7eg4OFi+no6Rj\/\/\/8A\/\/\/\/AP\/\/\/wD\/\/\/8A\/\/\/\/AP\/\/\/wD6+voDfHx+kyAfI\/8gHyP\/LCsv+FJRVPhHRkr6IiEl\/SAfI\/8tLTDuuLe5T\/\/\/\/wD\/\/\/8A\/\/\/\/AP\/\/\/wD\/\/\/8AfHx+kyAfI\/8wLzP4qqqr+Pv7+\/\/\/\/\/\/\/\/\/\/\/\/+3t7f+Dg4X9IB8j\/yMiJvq\/vr9H\/\/\/\/AP\/\/\/wD\/\/\/8AyMfIPyIhJf8wLzP429vb+P\/\/\/\/\/\/\/\/\/\/\/\/\/\/\/\/\/\/\/\/\/\/\/\/\/\/\/\/\/\/\/66ur\/0gHyP\/ODc74\/\/\/\/wD\/\/\/8A\/\/\/\/AHRzda4wLjH\/rKyt+P\/\/\/\/\/8\/Pz\/h4eJ\/z8+Qv9GRUn\/rq6v\/\/\/\/\/\/\/\/\/\/\/\/iIiK\/6ijnP\/269Y\/\/\/\/\/AP\/\/\/wBQTlDzR0VI+vv7+\/\/\/\/\/\/\/oqGh\/zg2Of8hICT\/IB8j\/yAfI\/\/c3Nz\/7de7\/9alX\/\/GfhL\/48KOfv\/\/\/wD\/\/\/8AWFZX\/3Vzdfr\/\/\/\/\/\/\/\/\/\/4iGhv9SUFL\/MC8z\/2ZlaP+1jmz\/unMv\/7NjFf+zYxX\/s2MV\/9atin7WrYp+1q2KfmdlZf91c3T8\/\/\/\/\/\/\/\/\/\/+npaT\/bWtr\/0tJS\/81Mzf\/jIB5\/9Gidv+\/eDD\/v3gw\/8B6M\/\/NlWD\/x4pO\/8WFRvqLiIjXbmxs\/+rq6v\/\/\/\/\/\/6Ofn\/4yJiP9lY2T\/Q0JE\/0tKTf\/09PT\/9uvc\/+K5gP\/apFL\/9+zaP\/\/\/\/wD\/\/\/8AwcDAe357e\/+koqL9\/\/\/\/\/\/\/\/\/\/\/09PT\/zs3N\/8jHx\/\/5+fn\/\/\/\/\/\/+7u7\/9\/f4H\/4tfC\/\/rv2T\/\/\/\/8A\/\/\/\/APb29g+YlZXjhYKB\/7W0s\/\/9\/f3\/\/\/\/\/\/\/\/\/\/\/\/\/\/\/\/\/\/\/\/\/\/+vr6\/9paGn\/NTQ3\/319f6f\/\/\/8A\/\/\/\/AP\/\/\/wD\/\/\/8A6OjnMpmWle6MiYf\/lZOS\/8XEw\/\/b2tr\/0dHR\/6elpv9hYGH\/TkxO\/25sb8L09PQM\/\/\/\/AP\/\/\/wD\/\/\/8A\/\/\/\/AP\/\/\/wDv7+4jsa6tu5KPjf+Kh4b\/gX59\/3h2df9vbW3\/amho96alpof4+PgH\/\/\/\/AP\/\/\/wD\/\/\/8A\/\/\/\/AP\/\/\/wD\/\/\/8A\/\/\/\/AP\/\/\/wDs6+srz87Nb8XDw37Av75+zMvKXvLy8hT\/\/\/8A\/\/\/\/AP\/\/\/wD\/\/\/8A\/\/\/\/AP\/\/\/wD\/\/\/8A\/\/\/\/AP\/\/\/wD\/\/\/8A\/\/\/\/AP\/\/\/wD\/\/\/8A\/\/\/\/AP\/\/\/wD\/\/\/8A\/\/\/\/AP\/\/\/wD\/\/\/8A\/\/\/\/AP\/\/\/wD\/\/\/8A\/\/8AAPA\/AADAHwAAgA8AAIAHAAAABwAAAAcAAAAHAAAAAAAAAAcAAIAHAACABwAAwA8AAOAfAAD\/\/wAA\/\/8AAA%3D%3D\" \/><\/a><\/span><\/span><\/span><\/span><\/span><\/p>\n","protected":false},"excerpt":{"rendered":"<p>Tug Towing Cup je seri\u00e1l vybran\u00fdch sout\u011b\u017en\u00edch setk\u00e1n\u00ed v tug towingu. V\u00fdsledky t\u011bchto sout\u011b\u017en\u00edch setk\u00e1n\u00ed se zapo\u010d\u00edt\u00e1vaj\u00ed do tzv. &#8222;poh\u00e1ru&#8220;. T\u00fdm, kter\u00fd z t\u011bchto sout\u011b\u017e\u00ed z\u00edsk\u00e1 nejv\u00edce bod\u016f, z\u00edsk\u00e1v\u00e1 presti\u017en\u00ed titul &#8222;\u0161ampiona v Tug Towingu&#8220; a putovn\u00ed poh\u00e1r. &nbsp; &nbsp; &nbsp; V\u00ddSLEDKY Kategorie: tla\u010dn\u00e9 remork\u00e9ry &#8211; jedno\u0161roub\u00e9 Celkov\u00fdm v\u00edt\u011bzem t\u00e9to kategorie se stal t\u00fdm TF323 [&hellip;]<\/p>\n","protected":false},"author":2,"featured_media":0,"parent":2,"menu_order":10,"comment_status":"open","ping_status":"closed","template":"","meta":{"footnotes":""},"class_list":["post-2133","page","type-page","status-publish","hentry"],"_links":{"self":[{"href":"https:\/\/www.tugtowing.cz\/index.php?rest_route=\/wp\/v2\/pages\/2133","targetHints":{"allow":["GET"]}}],"collection":[{"href":"https:\/\/www.tugtowing.cz\/index.php?rest_route=\/wp\/v2\/pages"}],"about":[{"href":"https:\/\/www.tugtowing.cz\/index.php?rest_route=\/wp\/v2\/types\/page"}],"author":[{"embeddable":true,"href":"https:\/\/www.tugtowing.cz\/index.php?rest_route=\/wp\/v2\/users\/2"}],"replies":[{"embeddable":true,"href":"https:\/\/www.tugtowing.cz\/index.php?rest_route=%2Fwp%2Fv2%2Fcomments&post=2133"}],"version-history":[{"count":0,"href":"https:\/\/www.tugtowing.cz\/index.php?rest_route=\/wp\/v2\/pages\/2133\/revisions"}],"up":[{"embeddable":true,"href":"https:\/\/www.tugtowing.cz\/index.php?rest_route=\/wp\/v2\/pages\/2"}],"wp:attachment":[{"href":"https:\/\/www.tugtowing.cz\/index.php?rest_route=%2Fwp%2Fv2%2Fmedia&parent=2133"}],"curies":[{"name":"wp","href":"https:\/\/api.w.org\/{rel}","templated":true}]}}