{"id":2795,"date":"2012-08-15T09:24:44","date_gmt":"2012-08-15T08:24:44","guid":{"rendered":"http:\/\/www.tugtowing.cz\/?page_id=2795"},"modified":"2012-08-24T09:18:32","modified_gmt":"2012-08-24T08:18:32","slug":"sezona-2012","status":"publish","type":"page","link":"https:\/\/www.tugtowing.cz\/?page_id=2795","title":{"rendered":"Sez\u00f3na 2012"},"content":{"rendered":"<p>P\u0159ehled akc\u00ed, kde prob\u00edhal tug towing:<\/p>\n<ul>\n<li><a title=\"Springer Cup P\u00edsek 2012\" href=\"https:\/\/www.tugtowing.cz\/?page_id=2802\">Springer Cup 2012 &#8211; P\u00edsek <\/a><\/li>\n<li><a title=\"TT Workshop P\u0159\u00edbram 2012\" href=\"https:\/\/www.tugtowing.cz\/?page_id=2754\">TT Workshop P\u0159\u00edbram 2012<\/a><\/li>\n<li><a title=\"TT na Proseku\" href=\"https:\/\/www.tugtowing.cz\/?page_id=2812\">TT na Proseku<\/a><\/li>\n<\/ul>\n","protected":false},"excerpt":{"rendered":"<p>P\u0159ehled akc\u00ed, kde prob\u00edhal tug towing: Springer Cup 2012 &#8211; P\u00edsek TT Workshop P\u0159\u00edbram 2012 TT na Proseku<\/p>\n","protected":false},"author":2,"featured_media":0,"parent":2,"menu_order":11,"comment_status":"closed","ping_status":"closed","template":"","meta":{"footnotes":""},"class_list":["post-2795","page","type-page","status-publish","hentry"],"_links":{"self":[{"href":"https:\/\/www.tugtowing.cz\/index.php?rest_route=\/wp\/v2\/pages\/2795","targetHints":{"allow":["GET"]}}],"collection":[{"href":"https:\/\/www.tugtowing.cz\/index.php?rest_route=\/wp\/v2\/pages"}],"about":[{"href":"https:\/\/www.tugtowing.cz\/index.php?rest_route=\/wp\/v2\/types\/page"}],"author":[{"embeddable":true,"href":"https:\/\/www.tugtowing.cz\/index.php?rest_route=\/wp\/v2\/users\/2"}],"replies":[{"embeddable":true,"href":"https:\/\/www.tugtowing.cz\/index.php?rest_route=%2Fwp%2Fv2%2Fcomments&post=2795"}],"version-history":[{"count":0,"href":"https:\/\/www.tugtowing.cz\/index.php?rest_route=\/wp\/v2\/pages\/2795\/revisions"}],"up":[{"embeddable":true,"href":"https:\/\/www.tugtowing.cz\/index.php?rest_route=\/wp\/v2\/pages\/2"}],"wp:attachment":[{"href":"https:\/\/www.tugtowing.cz\/index.php?rest_route=%2Fwp%2Fv2%2Fmedia&parent=2795"}],"curies":[{"name":"wp","href":"https:\/\/api.w.org\/{rel}","templated":true}]}}