{"id":33,"date":"2010-10-18T14:44:16","date_gmt":"2010-10-18T13:44:16","guid":{"rendered":"http:\/\/www.tugtowing.cz\/?page_id=33"},"modified":"2015-09-07T13:03:12","modified_gmt":"2015-09-07T12:03:12","slug":"remorkery","status":"publish","type":"page","link":"https:\/\/www.tugtowing.cz\/?page_id=33","title":{"rendered":"Remork\u00e9ry"},"content":{"rendered":"<p><a class=\"shutterset_\" title=\"Tla\u010dn\u00fd remork\u00e9r TR.\" href=\"https:\/\/www.tugtowing.cz\/wp-content\/uploads\/default\/if007.jpg\"><img decoding=\"async\" class=\"ngg-singlepic ngg-left\" src=\"https:\/\/www.tugtowing.cz\/wp-content\/uploads\/default\/thumbs\/thumbs_if007.jpg\" alt=\"Tlacny remorker TR\" \/><\/a>Kompletn\u00ed p\u0159ehled v\u0161ech remork\u00e9r\u016f, kte\u0159\u00ed se \u00fa\u010dastnily sout\u011b\u017en\u00edch setk\u00e1n\u00ed. Tato str\u00e1nka bude postupn\u011b dopl\u0148ov\u00e1na o podrobn\u011bj\u0161\u00ed \u00fadaje o remork\u00e9rech.<\/p>\n<p><strong>P\u0159ehled<\/strong><\/p>\n<p>remork\u00e9r\u016f, kter\u00e9 se \u00fa\u010dastnily a nebo \u00fa\u010dastn\u00ed sout\u011b\u017en\u00edch setk\u00e1n\u00ed v tug towingu. P\u0159ehled obsahuje z\u00e1kladn\u00ed parametry ke ka\u017ed\u00e9mu remork\u00e9ru, jak je dodali jednotliv\u00ed kapit\u00e1ni. P\u0159ehled je pr\u016fb\u011b\u017en\u011b dopl\u0148ov\u00e1n.<\/p>\n<p><img decoding=\"async\" class=\"ngg-singlepic ngg-left\" src=\"https:\/\/www.tugtowing.cz\/wp-content\/uploads\/icons\/icoexcel.gif\" alt=\"icoexcel\" \/> <a title=\"Seznam kapit\u00e1n\u016f a jejich starty v t\u00fdmech\" href=\"doc\/Tabulky\/SeznamRemorkeruTT.xls\" target=\"_blank\">St\u00e1hn\u011btete si dokument<\/a><\/p>\n<p><strong>REGISTRACE REMORK\u00c9RU<\/strong><\/p>\n<p>Pro ka\u017ed\u00e9ho kapit\u00e1na by m\u011blo b\u00fdt ot\u00e1zkou cti, \u017ee jeho remork\u00e9r(y) jsou za\u0159azeny do tohoto p\u0159ehledu. Jak toho doc\u00edlit? St\u00e1hnet\u011b si formul\u00e1\u0159, kter\u00fd vypln\u00edte a potom za\u0161lete na adresu: <a href=\"mailto:tugtowing@seznam.cz\"><strong>tugtowing@seznam.cz<\/strong><\/a><\/p>\n<p><img decoding=\"async\" class=\"ngg-singlepic ngg-left\" src=\"https:\/\/www.tugtowing.cz\/wp-content\/uploads\/icons\/icoexcel.gif\" alt=\"icoexcel\" \/> <a title=\"Seznam kapit\u00e1n\u016f a jejich starty v t\u00fdmech\" href=\"doc\/Tabulky\/SeznamRemorkeruTT.xls\" target=\"_blank\">St\u00e1hn\u011btete si formul\u00e1\u0159<\/a><\/p>\n<p><strong>ABECEDN\u00cd SEZNAM REMORK\u00c9R\u016e<\/strong><\/p>\n<table border=\"0\">\n<tbody>\n<tr>\n<td><\/td>\n<td><strong>Antonie <\/strong><\/td>\n<td>Kapit\u00e1n: Milan Sedl\u00e1\u010dek<\/td>\n<td>Spu\u0161t\u011bn na vodu: 2010<\/td>\n<\/tr>\n<tr>\n<td><a class=\"shutterset_\" href=\"https:\/\/www.tugtowing.cz\/wp-content\/uploads\/seznam-remorkeru\/remorker-admirante_jaroj.jpg\"><img decoding=\"async\" class=\"ngg-singlepic ngg-none\" src=\"https:\/\/www.tugtowing.cz\/wp-content\/uploads\/seznam-remorkeru\/thumbs\/thumbs_remorker-admirante_jaroj.jpg\" alt=\"remorker-admirante_jaroj\" \/><\/a><\/td>\n<td><strong>Admirante <\/strong><\/td>\n<td>Kapit\u00e1n: Jaroj<\/td>\n<td>Spu\u0161t\u011bn na vodu: 14.2.2009<\/td>\n<\/tr>\n<tr>\n<td><\/td>\n<td><strong>Afon Cymyran <\/strong><\/td>\n<td>Kapit\u00e1n: Bambinot<\/td>\n<td>Spu\u0161t\u011bn na vodu: ve v\u00fdstavb\u011b<\/td>\n<\/tr>\n<tr>\n<td><a class=\"shutterset_\" href=\"https:\/\/www.tugtowing.cz\/wp-content\/uploads\/seznam-remorkeru\/remorker-bivoj_tomasfil.jpg\"><img decoding=\"async\" class=\"ngg-singlepic ngg-left\" src=\"https:\/\/www.tugtowing.cz\/wp-content\/uploads\/seznam-remorkeru\/thumbs\/thumbs_remorker-bivoj_tomasfil.jpg\" alt=\"remorker-bivoj_tomasfil\" \/><\/a><\/td>\n<td><strong>Bivoj <\/strong><\/td>\n<td>Kapit\u00e1n: Tom\u00e1\u0161 Fil<\/td>\n<td>Spu\u0161t\u011bn na vodu: 11.9.2009<\/td>\n<\/tr>\n<tr>\n<td><a class=\"shutterset_\" href=\"https:\/\/www.tugtowing.cz\/wp-content\/uploads\/seznam-remorkeru\/remorker-burondi_bobo.jpg\"><img decoding=\"async\" class=\"ngg-singlepic ngg-left\" src=\"https:\/\/www.tugtowing.cz\/wp-content\/uploads\/seznam-remorkeru\/thumbs\/thumbs_remorker-burondi_bobo.jpg\" alt=\"remorker-burondi_bobo\" \/><\/a><\/td>\n<td><strong>Burondi <\/strong><\/td>\n<td>Kapit\u00e1n: Bobo<\/td>\n<td>Spu\u0161t\u011bn na vodu: 23.2.2008<\/td>\n<\/tr>\n<tr>\n<td><a class=\"shutterset_\" href=\"https:\/\/www.tugtowing.cz\/wp-content\/uploads\/seznam-remorkeru\/remorker-cervenytrpaslik_ludekrais.jpg\"><img decoding=\"async\" class=\"ngg-singlepic ngg-none\" src=\"https:\/\/www.tugtowing.cz\/wp-content\/uploads\/seznam-remorkeru\/thumbs\/thumbs_remorker-cervenytrpaslik_ludekrais.jpg\" alt=\"remorker-cervenytrpaslik_ludekrais\" \/><\/a><\/td>\n<td><strong>\u010cerven\u00fd trpasl\u00edk <\/strong><\/td>\n<td>Kapit\u00e1n: Lud\u011bk Rais<\/td>\n<td>Spu\u0161t\u011bn na vodu: 2.2011<\/td>\n<\/tr>\n<tr>\n<td><a class=\"shutterset_\" href=\"https:\/\/www.tugtowing.cz\/wp-content\/uploads\/seznam-remorkeru\/remorker-cochtan_tomasfil.jpg\"><img decoding=\"async\" class=\"ngg-singlepic ngg-none\" src=\"https:\/\/www.tugtowing.cz\/wp-content\/uploads\/seznam-remorkeru\/thumbs\/thumbs_remorker-cochtan_tomasfil.jpg\" alt=\"remorker-cochtan_tomasfil\" \/><\/a><\/td>\n<td><strong>\u010cochtan <\/strong><\/td>\n<td>Kapit\u00e1n: Tom\u00e1\u0161 Fil<\/td>\n<td>Spu\u0161t\u011bn na vodu: 11.2008<\/td>\n<\/tr>\n<tr>\n<td><a class=\"shutterset_\" href=\"https:\/\/www.tugtowing.cz\/wp-content\/uploads\/seznam-remorkeru\/remorker-fachman_michalhermann.jpg\"><img decoding=\"async\" class=\"ngg-singlepic ngg-none\" src=\"https:\/\/www.tugtowing.cz\/wp-content\/uploads\/seznam-remorkeru\/thumbs\/thumbs_remorker-fachman_michalhermann.jpg\" alt=\"remorker-fachman_michalhermann\" \/><\/a><\/td>\n<td><strong>Fachman <\/strong><\/td>\n<td>Kapit\u00e1n: Michal Hermann<\/td>\n<td>Spu\u0161t\u011bn na vodu: 1.4.2008<\/td>\n<\/tr>\n<tr>\n<td><a class=\"shutterset_\" href=\"https:\/\/www.tugtowing.cz\/wp-content\/uploads\/seznam-remorkeru\/remorker-fenlander_jaroj.jpg\"><img decoding=\"async\" class=\"ngg-singlepic ngg-none\" src=\"https:\/\/www.tugtowing.cz\/wp-content\/uploads\/seznam-remorkeru\/thumbs\/thumbs_remorker-fenlander_jaroj.jpg\" alt=\"remorker-fenlander_jaroj\" \/><\/a><\/td>\n<td><strong>Fenlander<\/strong><\/td>\n<td>Kapit\u00e1n: Jaroslav (Jaroj) Mallat<\/td>\n<td>Spu\u0161t\u011bn na vodu: 27.2.2010<\/td>\n<\/tr>\n<tr>\n<td><a class=\"shutterset_\" href=\"https:\/\/www.tugtowing.cz\/wp-content\/uploads\/seznam-remorkeru\/remorker-hanibal_ivancerveny.jpg\"><img decoding=\"async\" class=\"ngg-singlepic ngg-none\" src=\"https:\/\/www.tugtowing.cz\/wp-content\/uploads\/seznam-remorkeru\/thumbs\/thumbs_remorker-hanibal_ivancerveny.jpg\" alt=\"remorker-hanibal_ivancerveny\" \/><\/a><\/td>\n<td><strong>Hannibal <\/strong><\/td>\n<td>Kapit\u00e1n: Ivan \u010cerven\u00fd<\/td>\n<td>Spu\u0161t\u011bn na vodu: 4.2009<\/td>\n<\/tr>\n<tr>\n<td><a class=\"shutterset_\" href=\"https:\/\/www.tugtowing.cz\/wp-content\/uploads\/seznam-remorkeru\/remorker-hellboy_davidvesely.jpg\"><img decoding=\"async\" class=\"ngg-singlepic ngg-center\" src=\"https:\/\/www.tugtowing.cz\/wp-content\/uploads\/seznam-remorkeru\/thumbs\/thumbs_remorker-hellboy_davidvesely.jpg\" alt=\"remorker-hellboy_davidvesely\" \/><\/a><\/td>\n<td><strong>Hellboy <\/strong><\/td>\n<td>Kapit\u00e1n: David Vesel\u00fd<\/td>\n<td>Spu\u0161t\u011bn na vodu: 5.2010<\/td>\n<\/tr>\n<tr>\n<td><a class=\"shutterset_\" href=\"https:\/\/www.tugtowing.cz\/wp-content\/uploads\/seznam-remorkeru\/remorker-jenis_milansedlacek.jpg\"><img decoding=\"async\" class=\"ngg-singlepic ngg-none\" src=\"https:\/\/www.tugtowing.cz\/wp-content\/uploads\/seznam-remorkeru\/thumbs\/thumbs_remorker-jenis_milansedlacek.jpg\" alt=\"remorker-jenis_milansedlacek\" \/><\/a><\/td>\n<td><strong>Jenis <\/strong><\/td>\n<td>Kapit\u00e1n: Milan Sedl\u00e1\u010dek<\/td>\n<td>Spu\u0161t\u011bn na vodu: 2009<\/td>\n<\/tr>\n<tr>\n<td><a class=\"shutterset_\" href=\"https:\/\/www.tugtowing.cz\/wp-content\/uploads\/seznam-remorkeru\/remorker-kahna_bambinot.jpg\"><img decoding=\"async\" class=\"ngg-singlepic ngg-none\" src=\"https:\/\/www.tugtowing.cz\/wp-content\/uploads\/seznam-remorkeru\/thumbs\/thumbs_remorker-kahna_bambinot.jpg\" alt=\"remorker-kahna_bambinot\" \/><\/a><\/td>\n<td><strong>Kahna <\/strong><\/td>\n<td>Kapit\u00e1n: Bambinot<\/td>\n<td>Spu\u0161t\u011bn na vodu: 2007<\/td>\n<\/tr>\n<tr>\n<td><a class=\"shutterset_\" href=\"https:\/\/www.tugtowing.cz\/wp-content\/uploads\/seznam-remorkeru\/remorker-klimek_fojtikzdenek.jpg\"><img decoding=\"async\" class=\"ngg-singlepic ngg-none\" src=\"https:\/\/www.tugtowing.cz\/wp-content\/uploads\/seznam-remorkeru\/thumbs\/thumbs_remorker-klimek_fojtikzdenek.jpg\" alt=\"remorker-klimek_fojtikzdenek\" \/><\/a><\/td>\n<td><strong>Klimek <\/strong><\/td>\n<td>Kapit\u00e1n: Zdenek Fojt\u00edk<\/td>\n<td>Spu\u0161t\u011bn na vodu: 5.1.2008<\/td>\n<\/tr>\n<tr>\n<td><a class=\"shutterset_\" href=\"https:\/\/www.tugtowing.cz\/wp-content\/uploads\/seznam-remorkeru\/remorker-marena_msob.jpg\"><img decoding=\"async\" class=\"ngg-singlepic ngg-none\" src=\"https:\/\/www.tugtowing.cz\/wp-content\/uploads\/seznam-remorkeru\/thumbs\/thumbs_remorker-marena_msob.jpg\" alt=\"remorker-marena_msob\" \/><\/a><\/td>\n<td><strong>Marena <\/strong><\/td>\n<td>Kapit\u00e1n: Msob<\/td>\n<td>Spu\u0161t\u011bn na vodu: 5.2007<\/td>\n<\/tr>\n<tr>\n<td><\/td>\n<td><strong>Marley <\/strong><\/td>\n<td>Kapit\u00e1n: Ji\u0159\u00ed Dolej\u0161ek<\/td>\n<td>Spu\u0161t\u011bn na vodu: 19.2.2010<\/td>\n<\/tr>\n<tr>\n<td><a class=\"shutterset_\" href=\"https:\/\/www.tugtowing.cz\/wp-content\/uploads\/seznam-remorkeru\/remorker-monakoi_fojtikondrej.jpg\"><img decoding=\"async\" class=\"ngg-singlepic ngg-none\" src=\"https:\/\/www.tugtowing.cz\/wp-content\/uploads\/seznam-remorkeru\/thumbs\/thumbs_remorker-monakoi_fojtikondrej.jpg\" alt=\"remorker-monakoi_fojtikondrej\" \/><\/a><\/td>\n<td><strong>Monako I. <\/strong><\/td>\n<td>Kapit\u00e1n: Ond\u0159ej Fojt\u00edk<\/td>\n<td>Spu\u0161t\u011bn na vodu: 21.4.2007<\/td>\n<\/tr>\n<tr>\n<td><\/td>\n<td><strong>Monako I.<\/strong><\/td>\n<td>Kapit\u00e1n: Ivvo<\/td>\n<td>Spu\u0161t\u011bn na vodu: 26.5.2006<\/td>\n<\/tr>\n<tr>\n<td><\/td>\n<td><strong>Muflon<\/strong><\/td>\n<td>Kapit\u00e1n: Micho CZ<\/td>\n<td>Spu\u0161t\u011bn na vodu: p\u0159edpoklad 2009<\/td>\n<\/tr>\n<tr>\n<td><a class=\"shutterset_\" href=\"https:\/\/www.tugtowing.cz\/wp-content\/uploads\/seznam-remorkeru\/remorker-necky_romant.jpg\"><img decoding=\"async\" class=\"ngg-singlepic ngg-none\" src=\"https:\/\/www.tugtowing.cz\/wp-content\/uploads\/seznam-remorkeru\/thumbs\/thumbs_remorker-necky_romant.jpg\" alt=\"remorker-necky_romant\" \/><\/a><\/td>\n<td><strong>Necky<\/strong><\/td>\n<td>Kapit\u00e1n: RomanT<\/td>\n<td>Spu\u0161t\u011bn na vodu: 3.8.2008<\/td>\n<\/tr>\n<tr>\n<td><\/td>\n<td><strong>Otavian<\/strong><\/td>\n<td>Kapit\u00e1n: Ivvo<\/td>\n<td>Spu\u0161t\u011bn na vodu: p\u0159edpoklad 21.2.2009<\/td>\n<\/tr>\n<tr>\n<td><a class=\"shutterset_\" href=\"https:\/\/www.tugtowing.cz\/wp-content\/uploads\/seznam-remorkeru\/remorker-pawlina_milansedlacek.jpg\"><img decoding=\"async\" class=\"ngg-singlepic ngg-none\" src=\"https:\/\/www.tugtowing.cz\/wp-content\/uploads\/seznam-remorkeru\/thumbs\/thumbs_remorker-pawlina_milansedlacek.jpg\" alt=\"remorker-pawlina_milansedlacek\" \/><\/a><\/td>\n<td><strong>Pawlina<\/strong><\/td>\n<td>Kapit\u00e1n: Milan Sedl\u00e1\u010dek<\/td>\n<td>Spu\u0161t\u011bn na vodu: 2008<\/td>\n<\/tr>\n<tr>\n<td><a class=\"shutterset_\" href=\"https:\/\/www.tugtowing.cz\/wp-content\/uploads\/seznam-remorkeru\/remorker-pedro_ivancerveny.jpg\"><img decoding=\"async\" class=\"ngg-singlepic ngg-none\" src=\"https:\/\/www.tugtowing.cz\/wp-content\/uploads\/seznam-remorkeru\/thumbs\/thumbs_remorker-pedro_ivancerveny.jpg\" alt=\"remorker-pedro_ivancerveny\" \/><\/a><\/td>\n<td><strong>Pedro<\/strong><\/td>\n<td>Kapit\u00e1n: Ivan \u010cerven\u00fd<\/td>\n<td>Spu\u0161t\u011bn na vodu: 4.2007<\/td>\n<\/tr>\n<tr>\n<td><a class=\"shutterset_\" href=\"https:\/\/www.tugtowing.cz\/wp-content\/uploads\/seznam-remorkeru\/remorker-preriz_marektyll.jpg\"><img decoding=\"async\" class=\"ngg-singlepic ngg-none\" src=\"https:\/\/www.tugtowing.cz\/wp-content\/uploads\/seznam-remorkeru\/thumbs\/thumbs_remorker-preriz_marektyll.jpg\" alt=\"remorker-preriz_marektyll\" \/><\/a><\/td>\n<td><strong>P\u0159e\u0159\u00edz<\/strong><\/td>\n<td>Kapit\u00e1n: Marek Tyll<\/td>\n<td>Spu\u0161t\u011bn na vodu: 4.2009<\/td>\n<\/tr>\n<tr>\n<td><a class=\"shutterset_\" href=\"https:\/\/www.tugtowing.cz\/wp-content\/uploads\/seznam-remorkeru\/remorker-preriz2_nalim.jpg\"><img decoding=\"async\" class=\"ngg-singlepic ngg-none\" src=\"https:\/\/www.tugtowing.cz\/wp-content\/uploads\/seznam-remorkeru\/thumbs\/thumbs_remorker-preriz2_nalim.jpg\" alt=\"remorker-preriz2_nalim\" \/><\/a><\/td>\n<td><strong>P\u0159e\u0159\u00edz 2<\/strong><\/td>\n<td>Kapit\u00e1n: Nalim<\/td>\n<td>Spu\u0161t\u011bn na vodu: 2.2008<\/td>\n<\/tr>\n<tr>\n<td><\/td>\n<td><strong>S\u00e1ra<\/strong><\/td>\n<td>Kapit\u00e1n: Ji\u0159\u00ed Va\u0161\u00ed\u010dek<\/td>\n<td>Spu\u0161t\u011bn na vodu: 20.2.2010<\/td>\n<\/tr>\n<tr>\n<td><\/td>\n<td><strong>Scarabeus<\/strong><\/td>\n<td>Kapit\u00e1n: Ivvo<\/td>\n<td>Spu\u0161t\u011bn na vodu: 13.9.2008<\/td>\n<\/tr>\n<tr>\n<td><a class=\"shutterset_\" href=\"https:\/\/www.tugtowing.cz\/wp-content\/uploads\/seznam-remorkeru\/remorker-showman_michalhermann.jpg\"><img decoding=\"async\" class=\"ngg-singlepic ngg-none\" src=\"https:\/\/www.tugtowing.cz\/wp-content\/uploads\/seznam-remorkeru\/thumbs\/thumbs_remorker-showman_michalhermann.jpg\" alt=\"remorker-showman_michalhermann\" \/><\/a><\/td>\n<td><strong>Showman<\/strong><\/td>\n<td>Kapit\u00e1n: Michal Hermann<\/td>\n<td>Spu\u0161t\u011bn na vodu: 29.3.2009<\/td>\n<\/tr>\n<tr>\n<td><a class=\"shutterset_\" href=\"https:\/\/www.tugtowing.cz\/wp-content\/uploads\/seznam-remorkeru\/remorker-sisyfos_ludekrais_0.jpg\"><img decoding=\"async\" class=\"ngg-singlepic ngg-none\" src=\"https:\/\/www.tugtowing.cz\/wp-content\/uploads\/seznam-remorkeru\/thumbs\/thumbs_remorker-sisyfos_ludekrais_0.jpg\" alt=\"remorker-sisyfos_ludekrais_0\" \/><\/a><\/td>\n<td><strong>Sisyfos<\/strong><\/td>\n<td>Kapit\u00e1n: Lud\u011bk Rais<\/td>\n<td>Spu\u0161t\u011bn na vodu: 8.4.2009<\/td>\n<\/tr>\n<tr>\n<td><a class=\"shutterset_\" href=\"https:\/\/www.tugtowing.cz\/wp-content\/uploads\/seznam-remorkeru\/remorker-springer_ladous.jpg\"><img decoding=\"async\" class=\"ngg-singlepic ngg-none\" src=\"https:\/\/www.tugtowing.cz\/wp-content\/uploads\/seznam-remorkeru\/thumbs\/thumbs_remorker-springer_ladous.jpg\" alt=\"remorker-springer_ladous\" \/><\/a><\/td>\n<td><strong>Springer<\/strong><\/td>\n<td>Kapit\u00e1n: ladous<\/td>\n<td>Spu\u0161t\u011bn na vodu: 1.3.2008<\/td>\n<\/tr>\n<tr>\n<td><\/td>\n<td><strong>Springer<\/strong><\/td>\n<td>Kapit\u00e1n: Micho CZ<\/td>\n<td>Spu\u0161t\u011bn na vodu:<\/td>\n<\/tr>\n<tr>\n<td><a class=\"shutterset_\" href=\"https:\/\/www.tugtowing.cz\/wp-content\/uploads\/seznam-remorkeru\/remorker-springerc_nalim.jpg\"><img decoding=\"async\" class=\"ngg-singlepic ngg-none\" src=\"https:\/\/www.tugtowing.cz\/wp-content\/uploads\/seznam-remorkeru\/thumbs\/thumbs_remorker-springerc_nalim.jpg\" alt=\"remorker-springerc_nalim\" \/><\/a><\/td>\n<td><strong>Springer C<\/strong><\/td>\n<td>Kapit\u00e1n: Jon\u00e1\u0161 Podrazil<\/td>\n<td>Spu\u0161t\u011bn na vodu: 5.3.2008<\/td>\n<\/tr>\n<tr>\n<td><a class=\"shutterset_\" href=\"https:\/\/www.tugtowing.cz\/wp-content\/uploads\/seznam-remorkeru\/remorker-tl5_otakarkren.jpg\"><img decoding=\"async\" class=\"ngg-singlepic ngg-none\" src=\"https:\/\/www.tugtowing.cz\/wp-content\/uploads\/seznam-remorkeru\/thumbs\/thumbs_remorker-tl5_otakarkren.jpg\" alt=\"remorker-tl5_otakarkren\" \/><\/a><\/td>\n<td><strong>TL 5<\/strong><\/td>\n<td>Kapit\u00e1n: Otakar K\u0159en<\/td>\n<td>Spu\u0161t\u011bn na vodu: 22.2.2010<\/td>\n<\/tr>\n<tr>\n<td><a class=\"shutterset_\" href=\"https:\/\/www.tugtowing.cz\/wp-content\/uploads\/seznam-remorkeru\/remorker-tr567_milansedlacek.jpg\"><img decoding=\"async\" class=\"ngg-singlepic ngg-none\" src=\"https:\/\/www.tugtowing.cz\/wp-content\/uploads\/seznam-remorkeru\/thumbs\/thumbs_remorker-tr567_milansedlacek.jpg\" alt=\"remorker-tr567_milansedlacek\" \/><\/a><\/td>\n<td><strong>TR 567<\/strong><\/td>\n<td>Kapit\u00e1n: Milan Sedl\u00e1\u010dek<\/td>\n<td>Spu\u0161t\u011bn na vodu: 2009<\/td>\n<\/tr>\n<tr>\n<td><a class=\"shutterset_\" href=\"https:\/\/www.tugtowing.cz\/wp-content\/uploads\/seznam-remorkeru\/remorker-tr568_jardajungman.jpg\"><img decoding=\"async\" class=\"ngg-singlepic ngg-none\" src=\"https:\/\/www.tugtowing.cz\/wp-content\/uploads\/seznam-remorkeru\/thumbs\/thumbs_remorker-tr568_jardajungman.jpg\" alt=\"remorker-tr568_jardajungman\" \/><\/a><\/td>\n<td><strong>TR 568<\/strong><\/td>\n<td>Kapit\u00e1n: Jaroslav Jungman<\/td>\n<td>Spu\u0161t\u011bn na vodu: 6.5.1998<\/td>\n<\/tr>\n<tr>\n<td><a class=\"shutterset_\" href=\"https:\/\/www.tugtowing.cz\/wp-content\/uploads\/seznam-remorkeru\/remorker-tr-8_robertjurka_0.jpg\"><img decoding=\"async\" class=\"ngg-singlepic ngg-none\" src=\"https:\/\/www.tugtowing.cz\/wp-content\/uploads\/seznam-remorkeru\/thumbs\/thumbs_remorker-tr-8_robertjurka_0.jpg\" alt=\"remorker-tr-8_robertjurka_0\" \/><\/a><\/td>\n<td><strong>TR 8<\/strong><\/td>\n<td>Kapit\u00e1n: TR Robert<\/td>\n<td>Spu\u0161t\u011bn na vodu: 5.2007<\/td>\n<\/tr>\n<tr>\n<td><a class=\"shutterset_\" href=\"https:\/\/www.tugtowing.cz\/wp-content\/uploads\/seznam-remorkeru\/remorker-triton_ladahanuska.jpg\"><img decoding=\"async\" class=\"ngg-singlepic ngg-none\" src=\"https:\/\/www.tugtowing.cz\/wp-content\/uploads\/seznam-remorkeru\/thumbs\/thumbs_remorker-triton_ladahanuska.jpg\" alt=\"remorker-triton_ladahanuska\" \/><\/a><\/td>\n<td><strong>Triton<\/strong><\/td>\n<td>Kapit\u00e1n: La\u010fa Hanu\u0161ka<\/td>\n<td>Spu\u0161t\u011bn na vodu: 1.6.1975<\/td>\n<\/tr>\n<tr>\n<td><a class=\"shutterset_\" href=\"https:\/\/www.tugtowing.cz\/wp-content\/uploads\/seznam-remorkeru\/remorker-viking_ivancerveny.jpg\"><img decoding=\"async\" class=\"ngg-singlepic ngg-none\" src=\"https:\/\/www.tugtowing.cz\/wp-content\/uploads\/seznam-remorkeru\/thumbs\/thumbs_remorker-viking_ivancerveny.jpg\" alt=\"remorker-viking_ivancerveny\" \/><\/a><\/td>\n<td><strong>Viking<\/strong><\/td>\n<td>Kapit\u00e1n: Ivan \u010cerven\u00fd<\/td>\n<td>Spu\u0161t\u011bn na vodu: ve v\u00fdstavb\u011b<\/td>\n<\/tr>\n<tr>\n<td><\/td>\n<td><strong>Watergeus<\/strong><\/td>\n<td>Kapit\u00e1n: P\u0159ema<\/td>\n<td>Spu\u0161t\u011bn na vodu: 5.2007<\/td>\n<\/tr>\n<\/tbody>\n<\/table>\n","protected":false},"excerpt":{"rendered":"<p>Kompletn\u00ed p\u0159ehled v\u0161ech remork\u00e9r\u016f, kte\u0159\u00ed se \u00fa\u010dastnily sout\u011b\u017en\u00edch setk\u00e1n\u00ed. Tato str\u00e1nka bude postupn\u011b dopl\u0148ov\u00e1na o podrobn\u011bj\u0161\u00ed \u00fadaje o remork\u00e9rech. P\u0159ehled remork\u00e9r\u016f, kter\u00e9 se \u00fa\u010dastnily a nebo \u00fa\u010dastn\u00ed sout\u011b\u017en\u00edch setk\u00e1n\u00ed v tug towingu. P\u0159ehled obsahuje z\u00e1kladn\u00ed parametry ke ka\u017ed\u00e9mu remork\u00e9ru, jak je dodali jednotliv\u00ed kapit\u00e1ni. P\u0159ehled je pr\u016fb\u011b\u017en\u011b dopl\u0148ov\u00e1n. St\u00e1hn\u011btete si dokument REGISTRACE REMORK\u00c9RU Pro ka\u017ed\u00e9ho [&hellip;]<\/p>\n","protected":false},"author":1,"featured_media":0,"parent":29,"menu_order":0,"comment_status":"open","ping_status":"closed","template":"","meta":{"footnotes":""},"class_list":["post-33","page","type-page","status-publish","hentry"],"_links":{"self":[{"href":"https:\/\/www.tugtowing.cz\/index.php?rest_route=\/wp\/v2\/pages\/33","targetHints":{"allow":["GET"]}}],"collection":[{"href":"https:\/\/www.tugtowing.cz\/index.php?rest_route=\/wp\/v2\/pages"}],"about":[{"href":"https:\/\/www.tugtowing.cz\/index.php?rest_route=\/wp\/v2\/types\/page"}],"author":[{"embeddable":true,"href":"https:\/\/www.tugtowing.cz\/index.php?rest_route=\/wp\/v2\/users\/1"}],"replies":[{"embeddable":true,"href":"https:\/\/www.tugtowing.cz\/index.php?rest_route=%2Fwp%2Fv2%2Fcomments&post=33"}],"version-history":[{"count":0,"href":"https:\/\/www.tugtowing.cz\/index.php?rest_route=\/wp\/v2\/pages\/33\/revisions"}],"up":[{"embeddable":true,"href":"https:\/\/www.tugtowing.cz\/index.php?rest_route=\/wp\/v2\/pages\/29"}],"wp:attachment":[{"href":"https:\/\/www.tugtowing.cz\/index.php?rest_route=%2Fwp%2Fv2%2Fmedia&parent=33"}],"curies":[{"name":"wp","href":"https:\/\/api.w.org\/{rel}","templated":true}]}}