{"id":340,"date":"2010-11-02T12:46:26","date_gmt":"2010-11-02T10:46:26","guid":{"rendered":"http:\/\/www.tugtowing.cz\/?page_id=340"},"modified":"2013-10-10T10:02:23","modified_gmt":"2013-10-10T09:02:23","slug":"kapitansky-patent","status":"publish","type":"page","link":"https:\/\/www.tugtowing.cz\/?page_id=340","title":{"rendered":"Kapit\u00e1nsk\u00fd patent"},"content":{"rendered":"<p><a class=\"shutterset_\" title=\"Kapit\u00e1nsk\u00fd patent.\" href=\"https:\/\/www.tugtowing.cz\/wp-content\/uploads\/certifikaty\/kapitanpatent.jpg\"><img loading=\"lazy\" decoding=\"async\" class=\"ngg-singlepic ngg-left alignleft\" alt=\"kapitanpatent\" src=\"https:\/\/www.tugtowing.cz\/wp-content\/uploads\/certifikaty\/thumbs\/thumbs_kapitanpatent.jpg\" width=\"100\" height=\"75\" \/><\/a>Tento kapit\u00e1nsk\u00fd patent obdr\u017e\u00ed ka\u017ed\u00fd kapit\u00e1n modelu remork\u00e9ru, kter\u00fd se \u00fa\u010dastnil alespo\u0148 jednoho sout\u011b\u017en\u00edho setk\u00e1n\u00ed v tug towingu v libovoln\u00e9 kategorii a cel\u00e9 jej dokon\u010dil bez ohledu na celkov\u00e9 um\u00edst\u011bn\u00ed. \u010c\u00edslo patentu je uvedeno v hranat\u00e9 z\u00e1vorce za jm\u00e9nem kapit\u00e1na v <a href=\"?page_id=31\" target=\"_self\">seznamu kapit\u00e1n\u016f<\/a>.<\/p>\n","protected":false},"excerpt":{"rendered":"<p>Tento kapit\u00e1nsk\u00fd patent obdr\u017e\u00ed ka\u017ed\u00fd kapit\u00e1n modelu remork\u00e9ru, kter\u00fd se \u00fa\u010dastnil alespo\u0148 jednoho sout\u011b\u017en\u00edho setk\u00e1n\u00ed v tug towingu v libovoln\u00e9 kategorii a cel\u00e9 jej dokon\u010dil bez ohledu na celkov\u00e9 um\u00edst\u011bn\u00ed. \u010c\u00edslo patentu je uvedeno v hranat\u00e9 z\u00e1vorce za jm\u00e9nem kapit\u00e1na v seznamu kapit\u00e1n\u016f.<\/p>\n","protected":false},"author":2,"featured_media":0,"parent":132,"menu_order":6,"comment_status":"open","ping_status":"closed","template":"","meta":{"footnotes":""},"class_list":["post-340","page","type-page","status-publish","hentry"],"_links":{"self":[{"href":"https:\/\/www.tugtowing.cz\/index.php?rest_route=\/wp\/v2\/pages\/340","targetHints":{"allow":["GET"]}}],"collection":[{"href":"https:\/\/www.tugtowing.cz\/index.php?rest_route=\/wp\/v2\/pages"}],"about":[{"href":"https:\/\/www.tugtowing.cz\/index.php?rest_route=\/wp\/v2\/types\/page"}],"author":[{"embeddable":true,"href":"https:\/\/www.tugtowing.cz\/index.php?rest_route=\/wp\/v2\/users\/2"}],"replies":[{"embeddable":true,"href":"https:\/\/www.tugtowing.cz\/index.php?rest_route=%2Fwp%2Fv2%2Fcomments&post=340"}],"version-history":[{"count":0,"href":"https:\/\/www.tugtowing.cz\/index.php?rest_route=\/wp\/v2\/pages\/340\/revisions"}],"up":[{"embeddable":true,"href":"https:\/\/www.tugtowing.cz\/index.php?rest_route=\/wp\/v2\/pages\/132"}],"wp:attachment":[{"href":"https:\/\/www.tugtowing.cz\/index.php?rest_route=%2Fwp%2Fv2%2Fmedia&parent=340"}],"curies":[{"name":"wp","href":"https:\/\/api.w.org\/{rel}","templated":true}]}}