{"id":35,"date":"2010-10-18T14:51:33","date_gmt":"2010-10-18T13:51:33","guid":{"rendered":"http:\/\/www.tugtowing.cz\/?page_id=35"},"modified":"2023-01-29T17:20:16","modified_gmt":"2023-01-29T16:20:16","slug":"rozhodci","status":"publish","type":"page","link":"https:\/\/www.tugtowing.cz\/?page_id=35","title":{"rendered":"Rozhod\u010d\u00ed"},"content":{"rendered":"<h2><strong><a class=\"shutterset_\" href=\"https:\/\/www.tugtowing.cz\/wp-content\/uploads\/default\/rozhodci.jpg\"><img decoding=\"async\" class=\"ngg-singlepic ngg-none\" src=\"https:\/\/www.tugtowing.cz\/wp-content\/uploads\/default\/thumbs\/thumbs_rozhodci.jpg\" alt=\"rozhodci\"><\/a><\/strong><\/h2>\n<h3><strong>ABECEDN\u00cd SEZNAM ROZHOD\u010c\u00cdCH<\/strong><\/h3>\n<p><span style=\"color: #ff0000;\">Od roku <strong>2018<\/strong> m\u016f\u017ee d\u011blat rozhod\u010d\u00edho ka\u017ed\u00fd sout\u011b\u017e\u00edc\u00ed, pokud ostatn\u00ed \u00fa\u010dastn\u00edci proti tomu nepodaj\u00ed protest.<\/span><\/p>\n<p><strong>Ante<\/strong><br \/>\nAndrej Tenzer, Praha<br \/>\nsez\u00f3ny: 2006, 2007, 2008, 2009, 2010<\/p>\n<p><strong>Bambinot<\/strong><br \/>\nPetr Luke\u0161, Teplice<br \/>\nsez\u00f3ny: 2007, 2008, 2009, 2010, 2011, 2012, 2013, 2014<\/p>\n<p><strong>Godrik<\/strong><br \/>\nJi\u0159\u00ed Loren\u010d\u00edk, Liberec<br \/>\nsez\u00f3ny: 2009, 2010, 2011,2012, 2013, 2014, 2015, 2016, 2017, 2018, 2019, 2020<\/p>\n<p><strong>Ivvo<\/strong><br \/>\nMichal Votava, Praha<br \/>\nsez\u00f3ny: 2006, 2007, 2008, 2009, 2010, 2011, 2012, 2013, 2014<\/p>\n<p><strong>Keba<\/strong><br \/>\nJaroslav Va\u0161keba, Velk\u00e1 Le\u010dice<br \/>\nsez\u00f3ny: 2006, 2007, 2008, 2009, 2010, 2011, 2012, 2013, 2014, 2015, 2016, 2017, 2018, 2019, 2020<\/p>\n<p><strong>L\u016f\u010fa<\/strong><br \/>\nLud\u011bk Rais, P\u0159\u00edbram<br \/>\nsez\u00f3ny: 2012, 2013, 2014, 2015, 2016, 2017, 2018, 2019, 2020<\/p>\n<p><strong>Msob<\/strong><br \/>\nMarek Sobaniec, Bohum\u00edn<br \/>\nsez\u00f3ny: 2009, 2010, 2011, 2012, 2013, 2014, 2015, 2016, 2017, 2018, 2019, 2020<\/p>\n<p><strong>Msob jun.<\/strong><br \/>\nMarek Sobaniec jun., Bohum\u00edn<br \/>\nsez\u00f3ny: 2011, 2012,2013, 2014, 2015, 2016, 2017, 2018, 2019, 2020<\/p>\n<p><strong>Nojby<\/strong><br \/>\nMichal Neubauer, \u00dast\u00ed nad Labem<br \/>\nsez\u00f3ny: 2009, 2010, 2011<\/p>\n<p><strong>Nex<\/strong><br \/>\nAlexander Pompo\u0161, Praha<br \/>\nsez\u00f3ny: 2006, 2007, 2008, 2009, 2010, 2011, 2014<\/p>\n<p><strong>Ondra<\/strong><br \/>\nOndra Slav\u00edk, Brno<br \/>\nsez\u00f3ny: 2014, 2015, 2016, 2017, 2018, 2019, 2020<\/p>\n<p><strong>R\u00e1\u010fa<\/strong><br \/>\nRadek \u0160anda, P\u0159\u00edbram<br \/>\nsez\u00f3ny: 2012, 2013, 2014, 2015, 2016<\/p>\n<p><strong>Robert<\/strong><br \/>\nRobert Jurka, Praha<br \/>\nsez\u00f3ny: 2010, 2011, 2012, 2013, 2014, 2015, 2016, 2017, 2018, 2019, 2020<\/p>\n<p><strong>RomanT<\/strong><br \/>\nRoman Tyll, \u0160t\u011bchovice<br \/>\nsez\u00f3ny: 2006, 2007, 2008, 2009, 2010, 2011, 2012, 2013, 2014, 2015<\/p>\n<p><strong>V\u00edtek<\/strong><br \/>\nV\u00edt Jel\u00ednek, Praha<br \/>\nsez\u00f3ny: 2014, 2015, 2016, 2017, 2018, 2019, 2020<\/p>\n<p><strong>Honza<\/strong><br \/>\nJan Dolej\u0161ek, Praha<br \/>\nsez\u00f3ny: 2017<\/p>\n","protected":false},"excerpt":{"rendered":"<p>ABECEDN\u00cd SEZNAM ROZHOD\u010c\u00cdCH Od roku 2018 m\u016f\u017ee d\u011blat rozhod\u010d\u00edho ka\u017ed\u00fd sout\u011b\u017e\u00edc\u00ed, pokud ostatn\u00ed \u00fa\u010dastn\u00edci proti tomu nepodaj\u00ed protest. Ante Andrej Tenzer, Praha sez\u00f3ny: 2006, 2007, 2008, 2009, 2010 Bambinot Petr Luke\u0161, Teplice sez\u00f3ny: 2007, 2008, 2009, 2010, 2011, 2012, 2013, 2014 Godrik Ji\u0159\u00ed Loren\u010d\u00edk, Liberec sez\u00f3ny: 2009, 2010, 2011,2012, 2013, 2014, 2015, 2016, 2017, 2018, [&hellip;]<\/p>\n","protected":false},"author":1,"featured_media":0,"parent":29,"menu_order":4,"comment_status":"open","ping_status":"open","template":"","meta":{"footnotes":""},"class_list":["post-35","page","type-page","status-publish","hentry"],"_links":{"self":[{"href":"https:\/\/www.tugtowing.cz\/index.php?rest_route=\/wp\/v2\/pages\/35","targetHints":{"allow":["GET"]}}],"collection":[{"href":"https:\/\/www.tugtowing.cz\/index.php?rest_route=\/wp\/v2\/pages"}],"about":[{"href":"https:\/\/www.tugtowing.cz\/index.php?rest_route=\/wp\/v2\/types\/page"}],"author":[{"embeddable":true,"href":"https:\/\/www.tugtowing.cz\/index.php?rest_route=\/wp\/v2\/users\/1"}],"replies":[{"embeddable":true,"href":"https:\/\/www.tugtowing.cz\/index.php?rest_route=%2Fwp%2Fv2%2Fcomments&post=35"}],"version-history":[{"count":4,"href":"https:\/\/www.tugtowing.cz\/index.php?rest_route=\/wp\/v2\/pages\/35\/revisions"}],"predecessor-version":[{"id":10851,"href":"https:\/\/www.tugtowing.cz\/index.php?rest_route=\/wp\/v2\/pages\/35\/revisions\/10851"}],"up":[{"embeddable":true,"href":"https:\/\/www.tugtowing.cz\/index.php?rest_route=\/wp\/v2\/pages\/29"}],"wp:attachment":[{"href":"https:\/\/www.tugtowing.cz\/index.php?rest_route=%2Fwp%2Fv2%2Fmedia&parent=35"}],"curies":[{"name":"wp","href":"https:\/\/api.w.org\/{rel}","templated":true}]}}