{"id":372,"date":"2010-11-02T17:21:56","date_gmt":"2010-11-02T15:21:56","guid":{"rendered":"http:\/\/www.tugtowing.cz\/?page_id=372"},"modified":"2013-10-10T09:56:47","modified_gmt":"2013-10-10T08:56:47","slug":"tug-towing-cup-2010","status":"publish","type":"page","link":"https:\/\/www.tugtowing.cz\/?page_id=372","title":{"rendered":"Tug Towing Cup 2010"},"content":{"rendered":"<p><a class=\"shutterset_\" title=\"Logo Tug Towing Cup 2010\" href=\"https:\/\/www.tugtowing.cz\/wp-content\/uploads\/loga\/logottc2010.gif\" data-image-id=\"158\"><img loading=\"lazy\" decoding=\"async\" class=\"ngg-singlepic ngg-left alignleft\" alt=\"logottc2010\" src=\"https:\/\/www.tugtowing.cz\/wp-content\/uploads\/loga\/thumbs\/thumbs_logottc2010.gif\" width=\"100\" height=\"75\" \/><\/a>Tug Towing Cup je seri\u00e1l vybran\u00fdch sout\u011b\u017en\u00edch setk\u00e1n\u00ed v tug towingu. V\u00fdsledky t\u011bchto sout\u011b\u017en\u00edch setk\u00e1n\u00ed se zapo\u010d\u00edt\u00e1vaj\u00ed do tzv. &#8222;poh\u00e1ru&#8220;. T\u00fdm, kter\u00fd z t\u011bchto sout\u011b\u017e\u00ed z\u00edsk\u00e1 nejv\u00edce bod\u016f, z\u00edsk\u00e1v\u00e1 presti\u017en\u00ed titul <strong>&#8222;\u0161ampiona v Tug Towingu&#8220;<\/strong> a putovn\u00ed poh\u00e1r.<\/p>\n<p>Titul a poh\u00e1r se ud\u011bluje za kategorie:<\/p>\n<ul>\n<li>lehk\u00fd tug towing<\/li>\n<li>t\u011b\u017ek\u00fd tug towing<\/li>\n<li>tla\u010dn\u00e9 remork\u00e9ry<\/li>\n<\/ul>\n<p><a href=\"?page_id=152\" target=\"_self\">Pravidla TTC 2010<\/a><\/p>\n<p><a href=\"#vysledky\" target=\"_self\">V\u00fdsledky<\/a><\/p>\n<p>Logo Tug Towing Cup 2010<\/p>\n<div>\n<dl>\n<dt><a class=\"shutterset_\" title=\"Logo Tug Towing Cup 2010\" href=\"https:\/\/www.tugtowing.cz\/wp-content\/uploads\/loga\/logottc2010.gif\"><img decoding=\"async\" class=\"ngg-singlepic ngg-none\" alt=\"logottc2010\" src=\"https:\/\/www.tugtowing.cz\/wp-content\/uploads\/loga\/thumbs\/thumbs_logottc2010.gif\" \/><\/a><\/dt>\n<\/dl>\n<h2 style=\"text-align: center;\"><a name=\"vysledky\"><\/a><strong>V\u00ddSLEDKY<\/strong><\/h2>\n<p style=\"text-align: center;\"><strong>Kategorie: tla\u010dn\u00e9 remork\u00e9ry<\/strong><\/p>\n<p style=\"text-align: center;\">Celkov\u00fdm v\u00edt\u011bzem t\u00e9to kategorie se stal t\u00fdm<\/p>\n<p style=\"text-align: center;\">[singlepic id=297 w= h= float=center]<\/p>\n<h2 style=\"text-align: center;\"><strong>Fi\u010d\u00e1k<\/strong><\/h2>\n<p style=\"text-align: center;\"><strong> <\/strong>remork\u00e9r: Chalenger<br \/>\nkapit\u00e1n (Fi\u010d\u00e1k): <strong>Mak<\/strong><\/p>\n<p style=\"text-align: center;\">2.m\u00edsto: t\u00fdm \u010cSPLO II.<br \/>\n3. m\u00edsto: t\u00fdm Tla\u010dmen<\/p>\n<p style=\"text-align: center;\"><strong>Kategorie: lehk\u00fd tug towing<\/strong><\/p>\n<p style=\"text-align: center;\">Celkov\u00fdm v\u00edt\u011bzem t\u00e9to kategorie se stal t\u00fdm<\/p>\n<p style=\"text-align: center;\">[singlepic id=297 w= h= float=center]<br \/>\n<strong> <\/strong><\/p>\n<h2 style=\"text-align: center;\"><strong>NeJaToD<\/strong><\/h2>\n<p style=\"text-align: center;\">remork\u00e9ry: Ka\u0161t\u00e1nek a Scarabeus<br \/>\nkapit\u00e1ni:\u00a0<strong> <\/strong><strong>Nex<\/strong> a <strong>Ivvo<\/strong><\/p>\n<p style=\"text-align: center;\">2. m\u00edsto: t\u00fdm B\u00e9\u010dka<br \/>\n3. m\u00edsto: t\u00fdm LoVe Lite<\/p>\n<p style=\"text-align: center;\"><strong>Kategorie: t\u011b\u017ek\u00fd tug towing<\/strong><\/p>\n<p>&nbsp;<\/p>\n<p style=\"text-align: center;\">Celkov\u00fdm v\u00edt\u011bzem t\u00e9to kategorie se stal t\u00fdm<\/p>\n<p style=\"text-align: center;\">[singlepic id=297 w= h= float=center]<\/p>\n<h2 style=\"text-align: center;\"><strong>Parat<\/strong><\/h2>\n<p style=\"text-align: center;\">remork\u00e9ry: Parat a Sysifos<br \/>\nkapit\u00e1ni: <strong>Milan Bure\u0161<\/strong> a <strong>Lud\u011bk Rais<\/strong><\/p>\n<p style=\"text-align: center;\">2. m\u00edsto: t\u00fdm Otazn\u00edk<br \/>\n3. m\u00edsto: t\u00fdm LoVe<\/p>\n<h3 style=\"text-align: center;\">V\u0161em v\u00edt\u011bz\u016fm srde\u010dn\u011b blahop\u0159ejeme!<\/h3>\n<\/div>\n<p style=\"text-align: center;\">[nggallery id=13]<\/p>\n","protected":false},"excerpt":{"rendered":"<p>Tug Towing Cup je seri\u00e1l vybran\u00fdch sout\u011b\u017en\u00edch setk\u00e1n\u00ed v tug towingu. V\u00fdsledky t\u011bchto sout\u011b\u017en\u00edch setk\u00e1n\u00ed se zapo\u010d\u00edt\u00e1vaj\u00ed do tzv. &#8222;poh\u00e1ru&#8220;. T\u00fdm, kter\u00fd z t\u011bchto sout\u011b\u017e\u00ed z\u00edsk\u00e1 nejv\u00edce bod\u016f, z\u00edsk\u00e1v\u00e1 presti\u017en\u00ed titul &#8222;\u0161ampiona v Tug Towingu&#8220; a putovn\u00ed poh\u00e1r. Titul a poh\u00e1r se ud\u011bluje za kategorie: lehk\u00fd tug towing t\u011b\u017ek\u00fd tug towing tla\u010dn\u00e9 remork\u00e9ry Pravidla TTC [&hellip;]<\/p>\n","protected":false},"author":2,"featured_media":0,"parent":2,"menu_order":5,"comment_status":"open","ping_status":"closed","template":"","meta":{"footnotes":""},"class_list":["post-372","page","type-page","status-publish","hentry"],"_links":{"self":[{"href":"https:\/\/www.tugtowing.cz\/index.php?rest_route=\/wp\/v2\/pages\/372","targetHints":{"allow":["GET"]}}],"collection":[{"href":"https:\/\/www.tugtowing.cz\/index.php?rest_route=\/wp\/v2\/pages"}],"about":[{"href":"https:\/\/www.tugtowing.cz\/index.php?rest_route=\/wp\/v2\/types\/page"}],"author":[{"embeddable":true,"href":"https:\/\/www.tugtowing.cz\/index.php?rest_route=\/wp\/v2\/users\/2"}],"replies":[{"embeddable":true,"href":"https:\/\/www.tugtowing.cz\/index.php?rest_route=%2Fwp%2Fv2%2Fcomments&post=372"}],"version-history":[{"count":0,"href":"https:\/\/www.tugtowing.cz\/index.php?rest_route=\/wp\/v2\/pages\/372\/revisions"}],"up":[{"embeddable":true,"href":"https:\/\/www.tugtowing.cz\/index.php?rest_route=\/wp\/v2\/pages\/2"}],"wp:attachment":[{"href":"https:\/\/www.tugtowing.cz\/index.php?rest_route=%2Fwp%2Fv2%2Fmedia&parent=372"}],"curies":[{"name":"wp","href":"https:\/\/api.w.org\/{rel}","templated":true}]}}