{"id":4207,"date":"2014-01-16T23:16:01","date_gmt":"2014-01-16T22:16:01","guid":{"rendered":"http:\/\/www.tugtowing.cz\/?page_id=4207"},"modified":"2014-10-27T11:10:06","modified_gmt":"2014-10-27T10:10:06","slug":"zimni-tug-towing-v-moste","status":"publish","type":"page","link":"https:\/\/www.tugtowing.cz\/?page_id=4207","title":{"rendered":"Zimn\u00ed Tug Towing v Most\u011b"},"content":{"rendered":"<p style=\"text-align: center;\"><img decoding=\"async\" class=\"ngg-singlepic ngg-center\" alt=\"ban2014ttc01_468x98px\" src=\"https:\/\/www.tugtowing.cz\/wp-content\/uploads\/bannery\/ban2014ttc01_468x98px.png\" \/><\/p>\n<p style=\"text-align: center;\"><a title=\"Propozice\" href=\"https:\/\/www.tugtowing.cz\/?p=4189\">Propozice<\/a><\/p>\n<p style=\"text-align: center;\"><a title=\"Pl\u00e1nky trat\u00ed\" href=\"https:\/\/www.tugtowing.cz\/?p=4266\">Pl\u00e1nky trat\u00ed<\/a><\/p>\n<p style=\"text-align: center;\"><a title=\"Anketa\" href=\"https:\/\/www.tugtowing.cz\/?p=4286\">Anketa<\/a><\/p>\n<p style=\"text-align: center;\"><a title=\"Report\u00e1\u017e\" href=\"https:\/\/www.tugtowing.cz\/?p=4300\">Report\u00e1\u017e<\/a><\/p>\n<p style=\"text-align: center;\"><a title=\"Fotogalerie\" href=\"https:\/\/www.tugtowing.cz\/?page_id=446#TT01\">Foto<\/a><\/p>\n<p style=\"text-align: center;\">Video<\/p>\n<p style=\"text-align: center;\"><a title=\"V\u00fdsledky\" href=\"https:\/\/www.tugtowing.cz\/doc\/Tabulky\/TTC01-2014.htm\" target=\"_blank\">V\u00fdsledky<\/a><\/p>\n<p style=\"text-align: center;\">Z\u00e1pisy j\u00edzd <a title=\"LTT\" href=\"https:\/\/www.tugtowing.cz\/doc\/TTC2014\/TTC01-LTT.zip\" target=\"_blank\">LTT<\/a>, <a title=\"TTT\" href=\"https:\/\/www.tugtowing.cz\/doc\/TTC2014\/TTC01-TTT.zip\" target=\"_blank\">TTT<\/a>, <a title=\"TR1\" href=\"https:\/\/www.tugtowing.cz\/doc\/TTC2014\/TTC01-TR1.zip\" target=\"_blank\">TR1<\/a>, <a title=\"TR2\" href=\"https:\/\/www.tugtowing.cz\/doc\/TTC2014\/TTC01-TR2.zip\" target=\"_blank\">TR2<\/a>, <a title=\"TTC01\" href=\"https:\/\/www.tugtowing.cz\/doc\/TTC2014\/TTC01.zip\" target=\"_blank\">TTC01<\/a><\/p>\n","protected":false},"excerpt":{"rendered":"<p>Propozice Pl\u00e1nky trat\u00ed Anketa Report\u00e1\u017e Foto Video V\u00fdsledky Z\u00e1pisy j\u00edzd LTT, TTT, TR1, TR2, TTC01<\/p>\n","protected":false},"author":2,"featured_media":0,"parent":4030,"menu_order":2,"comment_status":"closed","ping_status":"closed","template":"","meta":{"footnotes":""},"class_list":["post-4207","page","type-page","status-publish","hentry"],"_links":{"self":[{"href":"https:\/\/www.tugtowing.cz\/index.php?rest_route=\/wp\/v2\/pages\/4207","targetHints":{"allow":["GET"]}}],"collection":[{"href":"https:\/\/www.tugtowing.cz\/index.php?rest_route=\/wp\/v2\/pages"}],"about":[{"href":"https:\/\/www.tugtowing.cz\/index.php?rest_route=\/wp\/v2\/types\/page"}],"author":[{"embeddable":true,"href":"https:\/\/www.tugtowing.cz\/index.php?rest_route=\/wp\/v2\/users\/2"}],"replies":[{"embeddable":true,"href":"https:\/\/www.tugtowing.cz\/index.php?rest_route=%2Fwp%2Fv2%2Fcomments&post=4207"}],"version-history":[{"count":0,"href":"https:\/\/www.tugtowing.cz\/index.php?rest_route=\/wp\/v2\/pages\/4207\/revisions"}],"up":[{"embeddable":true,"href":"https:\/\/www.tugtowing.cz\/index.php?rest_route=\/wp\/v2\/pages\/4030"}],"wp:attachment":[{"href":"https:\/\/www.tugtowing.cz\/index.php?rest_route=%2Fwp%2Fv2%2Fmedia&parent=4207"}],"curies":[{"name":"wp","href":"https:\/\/api.w.org\/{rel}","templated":true}]}}