{"id":4662,"date":"2014-03-12T20:31:00","date_gmt":"2014-03-12T19:31:00","guid":{"rendered":"http:\/\/www.tugtowing.cz\/?page_id=4662"},"modified":"2014-10-27T11:13:05","modified_gmt":"2014-10-27T10:13:05","slug":"o-soudek-panistavky","status":"publish","type":"page","link":"https:\/\/www.tugtowing.cz\/?page_id=4662","title":{"rendered":"O soudek Panist\u00e1vky"},"content":{"rendered":"<p style=\"text-align: center;\"><img loading=\"lazy\" decoding=\"async\" class=\"ngg-singlepic ngg-center aligncenter\" alt=\"banTTC04-2014\" src=\"https:\/\/www.tugtowing.cz\/wp-content\/uploads\/bannery\/banTTC04-2014.png\" width=\"468\" height=\"98\" \/><\/p>\n<p style=\"text-align: center;\"><a title=\"Propozice\" href=\"https:\/\/www.tugtowing.cz\/?p=5544\">Propozice<\/a><\/p>\n<p style=\"text-align: center;\"><a title=\"O soudek Panist\u00e1vky \u2013 pl\u00e1nky trat\u00ed\" href=\"https:\/\/www.tugtowing.cz\/?p=5603\">Pl\u00e1nky trat\u00ed<\/a><\/p>\n<p style=\"text-align: center;\"><a title=\"Anketa\" href=\"https:\/\/www.tugtowing.cz\/?p=5615\">Anketa<\/a><\/p>\n<p style=\"text-align: center;\"><a title=\"Report\u00e1\u017e\" href=\"https:\/\/www.tugtowing.cz\/?p=5817\">Report\u00e1\u017e<\/a><\/p>\n<p style=\"text-align: center;\"><a title=\"Fotogalerie\" href=\"https:\/\/www.tugtowing.cz\/?page_id=446#TT09\">Foto<\/a><\/p>\n<p style=\"text-align: center;\">Video<\/p>\n<p style=\"text-align: center;\"><a title=\"V\u00fdsledky\" href=\"https:\/\/www.tugtowing.cz\/doc\/Tabulky\/TTC04-2014.htm\" target=\"_blank\">V\u00fdsledky<\/a><\/p>\n<p style=\"text-align: center;\">Z\u00e1pisy j\u00edzd <a title=\"Z\u00e1pisy j\u00edzd\" href=\"https:\/\/www.tugtowing.cz\/doc\/TTC2014\/TTC04-LTT.zip\">LTT<\/a>, <a title=\"Z\u00e1pisy j\u00edzd\" href=\"https:\/\/www.tugtowing.cz\/doc\/TTC2014\/TTC04-TTT.zip\">TTT<\/a>, <a title=\"Z\u00e1pisy j\u00edzd\" href=\"https:\/\/www.tugtowing.cz\/doc\/TTC2014\/TTC04-TR1.zip\">TR1<\/a>, <a title=\"Z\u00e1pisy j\u00edzd\" href=\"https:\/\/www.tugtowing.cz\/doc\/TTC2014\/TTC04-TR2.zip\">TR2<\/a>, <a title=\"V\u00fdsledkov\u00e1 listina\" href=\"https:\/\/www.tugtowing.cz\/doc\/TTC2014\/TTC04.zip\">TTC01<\/a><\/p>\n","protected":false},"excerpt":{"rendered":"<p>Propozice Pl\u00e1nky trat\u00ed Anketa Report\u00e1\u017e Foto Video V\u00fdsledky Z\u00e1pisy j\u00edzd LTT, TTT, TR1, TR2, TTC01<\/p>\n","protected":false},"author":2,"featured_media":0,"parent":4030,"menu_order":7,"comment_status":"open","ping_status":"closed","template":"","meta":{"footnotes":""},"class_list":["post-4662","page","type-page","status-publish","hentry"],"_links":{"self":[{"href":"https:\/\/www.tugtowing.cz\/index.php?rest_route=\/wp\/v2\/pages\/4662","targetHints":{"allow":["GET"]}}],"collection":[{"href":"https:\/\/www.tugtowing.cz\/index.php?rest_route=\/wp\/v2\/pages"}],"about":[{"href":"https:\/\/www.tugtowing.cz\/index.php?rest_route=\/wp\/v2\/types\/page"}],"author":[{"embeddable":true,"href":"https:\/\/www.tugtowing.cz\/index.php?rest_route=\/wp\/v2\/users\/2"}],"replies":[{"embeddable":true,"href":"https:\/\/www.tugtowing.cz\/index.php?rest_route=%2Fwp%2Fv2%2Fcomments&post=4662"}],"version-history":[{"count":0,"href":"https:\/\/www.tugtowing.cz\/index.php?rest_route=\/wp\/v2\/pages\/4662\/revisions"}],"up":[{"embeddable":true,"href":"https:\/\/www.tugtowing.cz\/index.php?rest_route=\/wp\/v2\/pages\/4030"}],"wp:attachment":[{"href":"https:\/\/www.tugtowing.cz\/index.php?rest_route=%2Fwp%2Fv2%2Fmedia&parent=4662"}],"curies":[{"name":"wp","href":"https:\/\/api.w.org\/{rel}","templated":true}]}}