{"id":54,"date":"2010-10-18T15:13:50","date_gmt":"2010-10-18T14:13:50","guid":{"rendered":"http:\/\/www.tugtowing.cz\/?page_id=54"},"modified":"2015-09-07T15:24:58","modified_gmt":"2015-09-07T14:24:58","slug":"tt-tymy","status":"publish","type":"page","link":"https:\/\/www.tugtowing.cz\/?page_id=54","title":{"rendered":"T\u00fdmy"},"content":{"rendered":"<p><a class=\"shutterset_\" title=\"Sout\u011b\u017en\u00ed t\u00fdm\" href=\"https:\/\/www.tugtowing.cz\/wp-content\/uploads\/default\/if011.jpg\"><img loading=\"lazy\" decoding=\"async\" class=\"ngg-singlepic ngg-left alignleft\" src=\"https:\/\/www.tugtowing.cz\/wp-content\/uploads\/default\/thumbs\/thumbs_if011.jpg\" alt=\"tym\" width=\"100\" height=\"75\" \/><\/a>Kompletn\u00ed p\u0159ehled v\u0161ech t\u00fdm\u016f, kter\u00e9 se \u00fa\u010dastnily sout\u011b\u017en\u00edch setk\u00e1n\u00ed. Tato str\u00e1nka bude postupn\u011b dopl\u0148ov\u00e1na o podrobn\u011bj\u0161\u00ed profily t\u00fdm\u016f, prozat\u00edm obsahuje pouze abecedn\u00ed seznam t\u00fdm\u016f a odkaz na p\u0159ehledovou tabulku \u00fa\u010dasti t\u00fdm\u016f na sout\u011b\u017e\u00edch a jejich um\u00edst\u011bn\u00ed.<\/p>\n<p><strong>P\u0158EHLED<\/strong><\/p>\n<p>P\u0159ehled v\u0161ech t\u00fdm\u016f, kter\u00e9 se tug towingu \u00fa\u010dastnily a jejich um\u00edst\u011bn\u00ed ve v\u0161ech sout\u011b\u017en\u00edch setk\u00e1n\u00edch. V lev\u00e9m sloupci tabulky je seznam t\u00fdm\u016f a v horn\u00edm \u0159\u00e1dku pak seznam sout\u011b\u017e\u00ed, chronologicky \u0159azen\u00fd. Pokud se t\u00fdm sout\u011b\u017ee \u00fa\u010dastnil, m\u00e1 ve sloupci p\u0159\u00edslu\u0161n\u00e9 sout\u011b\u017ee uvedeno po\u0159ad\u00ed na jak\u00e9m se um\u00edstil. Jednotliv\u00e9 kategorie jsou rozli\u0161eny barevn\u011b. V p\u0159\u00edpad\u011b, \u017ee t\u00fdm na sout\u011b\u017ei nestartoval,\u00a0 je pol\u00ed\u010dko pr\u00e1zdn\u00e9.<\/p>\n<p><img decoding=\"async\" class=\"ngg-singlepic ngg-left\" src=\"https:\/\/www.tugtowing.cz\/wp-content\/uploads\/icons\/icoexcel.gif\" alt=\"icoexcel\" \/> <a title=\"Seznam t\u00fdm\u016f a jejich starty a um\u00edst\u011bn\u00ed v sout\u011b\u017e\u00edch\" href=\"doc\/Tabulky\/HistorieTT1.xls\" target=\"_blank\">St\u00e1hn\u011btete si dokument<\/a><\/p>\n<p><strong>ABECEDN\u00cd SEZNAM T\u00ddM\u016e<\/strong><br \/>\n<strong>A<\/strong><br \/>\nA je to!<br \/>\nAtigram<br \/>\nAtlantis<br \/>\n<strong>B<\/strong><br \/>\nB\u00e9\u010dka<br \/>\nB\u00e9\u010dka jun.<br \/>\nBezstarosti<br \/>\nBez n\u00e1zvu<br \/>\nBobo t\u00fdm<br \/>\nBohum\u00edn\u0161t\u00ed jun.<br \/>\nB\u00f3jka<br \/>\nBublina<\/p>\n<p><strong>C &#8211; \u010c<\/strong><br \/>\nCamel trophy<br \/>\n\u010cochtan<br \/>\n\u010cochtani<br \/>\n\u010cSPD<br \/>\n\u010cSPLO<br \/>\n\u010cSPLO II<br \/>\n\u010cSPLO III<br \/>\n\u010cSPLO IV<br \/>\n\u010cSR<br \/>\n<strong>D<\/strong><br \/>\nDaTo<br \/>\nDavid a Goliash<br \/>\nDlouhej kou\u0159<br \/>\nDrsn\u00fd \u0161rouby<br \/>\nDruh\u00e1 tla\u010dn\u00e1 a.s.<br \/>\n<strong>E<\/strong><br \/>\nEvent horizont<br \/>\n<strong>F<\/strong><br \/>\nFair Play<br \/>\nFi\u010d\u00e1k<br \/>\nF\u00f3gli<br \/>\nF\u00f3gli II.<br \/>\nF\u00f3gli III.<br \/>\n<strong>H<\/strong><br \/>\nHan\u00e1\u010dt\u00ed draci<br \/>\nHappyLo<br \/>\nHappyVe<br \/>\nHradec Kr\u00e1lov\u00e9<br \/>\n<strong>CH<\/strong><br \/>\nChesburger<br \/>\n<strong>I<\/strong><br \/>\nIvvo<br \/>\n<strong>J<\/strong><br \/>\nJ.Jungman<br \/>\nJakub Cabadaj<br \/>\nJapado<br \/>\nJarda+Petr<br \/>\nJiho\u010desk\u00e1 plavebn\u00ed spol.<br \/>\nJi\u017en\u00ed<br \/>\nJeJe<br \/>\nJPD<br \/>\n<strong>K<\/strong><br \/>\nKazosptak<br \/>\nKeb\u00e1tor<br \/>\nKejml trophy<br \/>\nKolumbus<br \/>\n<strong>L<\/strong><br \/>\nladous<br \/>\nLast Minute<br \/>\nLavy a Pravy<br \/>\nLiberk<br \/>\nLom\u00edtka<br \/>\nLoVe<br \/>\nLoVe Lite<br \/>\n<strong>M<\/strong><br \/>\nMak<br \/>\nMarn\u00e1 snaha<br \/>\nMicho.CZ<br \/>\nMiKe<br \/>\nMilano<br \/>\nMPS<br \/>\nMraz\u00edci<br \/>\n<strong>N<\/strong><br \/>\nNautilus I.<br \/>\nNautilus II.<br \/>\nNautilus III.<br \/>\nNeJaToD<br \/>\nNeutr\u00e1l<br \/>\nNojo furt<br \/>\nNukle\u00e1rn\u00ed okurky<br \/>\n<strong>O<\/strong><br \/>\nOnd\u0159ejn\u00edk<br \/>\nOsamocen\u00fd drak<br \/>\nOtazn\u00edk<br \/>\nOtazn\u00edk III.<br \/>\n<strong>P<\/strong><br \/>\nPacifik<br \/>\nParat<br \/>\nP\u00e1r\u00e1tka<br \/>\nParn\u00edk\u00e1\u0159i<br \/>\nPenguin team<br \/>\nPrvn\u00ed mini tla\u010dn\u00e1 a.s.<br \/>\nPrvn\u00ed tla\u010dn\u00e1 a.s.<br \/>\nPrvn\u00ed vodn\u00ed a druh\u00e1 podvodn\u00ed<br \/>\nPush To Heaven<br \/>\n<strong>R<\/strong><br \/>\nRadioaktivn\u00ed Raj\u010data<br \/>\nRanovak<br \/>\nRed team<br \/>\nRomanT+Luk\u00e1\u0161<br \/>\nRomanT+Seve\u0159an<br \/>\nRud\u00e1 rota<br \/>\nRum\u00edci<br \/>\nRychl\u00e1 rota<br \/>\nRychle a Zb\u011bsile (RaZ)<br \/>\nRychl\u00e9 \u0160\u00edfy<br \/>\n<strong>S<\/strong><br \/>\nSeveroji\u017en\u00ed<br \/>\nSe\u0161up<br \/>\nSlezsk\u00e1 \u0161lechta<br \/>\n\u0160\u00edfparta<br \/>\n\u0160moulov\u00e9<br \/>\nS\u00f3lo<br \/>\nSpla\u0161en\u00e9 ka\u010denky<br \/>\nSPD Bratislava<br \/>\nSr\u0161ni<br \/>\n<strong>T<\/strong><br \/>\nTATA<br \/>\nTeam Most<br \/>\nTF-323<br \/>\nTF-323 light<br \/>\nTF-323 tla\u010dn\u00e1 \/ 323 tla\u010dn\u00e1<br \/>\nTla\u010dmen<br \/>\nToFa<br \/>\nTR568<br \/>\nTR8<br \/>\nTT Blava<br \/>\nTT Blava II.<br \/>\nTT Blava jun.<br \/>\n<strong>V<\/strong><br \/>\nVilMa<br \/>\nVyk\u0159i\u010dn\u00edk<br \/>\n<strong>X<\/strong><br \/>\nXXL<br \/>\nXXX<br \/>\n<strong>Z<\/strong><br \/>\nZb\u011bsil\u00e9 p\u00e1ky<br \/>\nZla\u0165\u00e1ci<br \/>\n<strong>znaky<\/strong> <strong>a \u010d\u00edslice<\/strong><br \/>\n666<br \/>\n\/ <em>(Zp\u011btn\u00e9 lom\u00edtko)<\/em><\/p>\n","protected":false},"excerpt":{"rendered":"<p>Kompletn\u00ed p\u0159ehled v\u0161ech t\u00fdm\u016f, kter\u00e9 se \u00fa\u010dastnily sout\u011b\u017en\u00edch setk\u00e1n\u00ed. Tato str\u00e1nka bude postupn\u011b dopl\u0148ov\u00e1na o podrobn\u011bj\u0161\u00ed profily t\u00fdm\u016f, prozat\u00edm obsahuje pouze abecedn\u00ed seznam t\u00fdm\u016f a odkaz na p\u0159ehledovou tabulku \u00fa\u010dasti t\u00fdm\u016f na sout\u011b\u017e\u00edch a jejich um\u00edst\u011bn\u00ed. P\u0158EHLED P\u0159ehled v\u0161ech t\u00fdm\u016f, kter\u00e9 se tug towingu \u00fa\u010dastnily a jejich um\u00edst\u011bn\u00ed ve v\u0161ech sout\u011b\u017en\u00edch setk\u00e1n\u00edch. V lev\u00e9m sloupci [&hellip;]<\/p>\n","protected":false},"author":1,"featured_media":0,"parent":29,"menu_order":6,"comment_status":"open","ping_status":"closed","template":"","meta":{"footnotes":""},"class_list":["post-54","page","type-page","status-publish","hentry"],"_links":{"self":[{"href":"https:\/\/www.tugtowing.cz\/index.php?rest_route=\/wp\/v2\/pages\/54","targetHints":{"allow":["GET"]}}],"collection":[{"href":"https:\/\/www.tugtowing.cz\/index.php?rest_route=\/wp\/v2\/pages"}],"about":[{"href":"https:\/\/www.tugtowing.cz\/index.php?rest_route=\/wp\/v2\/types\/page"}],"author":[{"embeddable":true,"href":"https:\/\/www.tugtowing.cz\/index.php?rest_route=\/wp\/v2\/users\/1"}],"replies":[{"embeddable":true,"href":"https:\/\/www.tugtowing.cz\/index.php?rest_route=%2Fwp%2Fv2%2Fcomments&post=54"}],"version-history":[{"count":0,"href":"https:\/\/www.tugtowing.cz\/index.php?rest_route=\/wp\/v2\/pages\/54\/revisions"}],"up":[{"embeddable":true,"href":"https:\/\/www.tugtowing.cz\/index.php?rest_route=\/wp\/v2\/pages\/29"}],"wp:attachment":[{"href":"https:\/\/www.tugtowing.cz\/index.php?rest_route=%2Fwp%2Fv2%2Fmedia&parent=54"}],"curies":[{"name":"wp","href":"https:\/\/api.w.org\/{rel}","templated":true}]}}