{"id":5908,"date":"2014-11-13T21:49:47","date_gmt":"2014-11-13T20:49:47","guid":{"rendered":"http:\/\/www.tugtowing.cz\/?page_id=5908"},"modified":"2015-10-01T20:15:32","modified_gmt":"2015-10-01T19:15:32","slug":"sezona-2015","status":"publish","type":"page","link":"https:\/\/www.tugtowing.cz\/?page_id=5908","title":{"rendered":"Sez\u00f3na 2015"},"content":{"rendered":"<p>P\u0159ehled akc\u00ed, kde bude prob\u00edhat tug towing:<\/p>\n<ul>\n<li>Springer Cup 2015 P\u00edsek<\/li>\n<li><a href=\"https:\/\/www.tugtowing.cz\/?p=7249\">Tug Towing na Rokytce 2015<\/a><\/li>\n<li><a href=\"http:\/\/www.mo-na-ko.net\/php\/portal\/view.php?cisloclanku=2015080002&amp;nazevclanku=prosek-2015-3-soutez-poharu-modelu-hasicskych-lodi-a-springer-cup\" target=\"_blank\">Springer Cup na Proseku 2015<\/a><\/li>\n<li><a title=\"10. let TT v \u010cR\" href=\"https:\/\/www.tugtowing.cz\/?page_id=5624\">Oslavy 10.v\u00fdro\u010d\u00ed tug towingu v \u010cR<\/a><\/li>\n<\/ul>\n","protected":false},"excerpt":{"rendered":"<p>P\u0159ehled akc\u00ed, kde bude prob\u00edhat tug towing: Springer Cup 2015 P\u00edsek Tug Towing na Rokytce 2015 Springer Cup na Proseku 2015 Oslavy 10.v\u00fdro\u010d\u00ed tug towingu v \u010cR<\/p>\n","protected":false},"author":2,"featured_media":0,"parent":2,"menu_order":29,"comment_status":"open","ping_status":"closed","template":"","meta":{"footnotes":""},"class_list":["post-5908","page","type-page","status-publish","hentry"],"_links":{"self":[{"href":"https:\/\/www.tugtowing.cz\/index.php?rest_route=\/wp\/v2\/pages\/5908","targetHints":{"allow":["GET"]}}],"collection":[{"href":"https:\/\/www.tugtowing.cz\/index.php?rest_route=\/wp\/v2\/pages"}],"about":[{"href":"https:\/\/www.tugtowing.cz\/index.php?rest_route=\/wp\/v2\/types\/page"}],"author":[{"embeddable":true,"href":"https:\/\/www.tugtowing.cz\/index.php?rest_route=\/wp\/v2\/users\/2"}],"replies":[{"embeddable":true,"href":"https:\/\/www.tugtowing.cz\/index.php?rest_route=%2Fwp%2Fv2%2Fcomments&post=5908"}],"version-history":[{"count":0,"href":"https:\/\/www.tugtowing.cz\/index.php?rest_route=\/wp\/v2\/pages\/5908\/revisions"}],"up":[{"embeddable":true,"href":"https:\/\/www.tugtowing.cz\/index.php?rest_route=\/wp\/v2\/pages\/2"}],"wp:attachment":[{"href":"https:\/\/www.tugtowing.cz\/index.php?rest_route=%2Fwp%2Fv2%2Fmedia&parent=5908"}],"curies":[{"name":"wp","href":"https:\/\/api.w.org\/{rel}","templated":true}]}}