{"id":931,"date":"2010-11-22T15:37:13","date_gmt":"2010-11-22T13:37:13","guid":{"rendered":"http:\/\/www.tugtowing.cz\/?page_id=931"},"modified":"2017-01-10T15:17:19","modified_gmt":"2017-01-10T14:17:19","slug":"chcete-publikovat-prispevek-na-techto-strankach","status":"publish","type":"page","link":"https:\/\/www.tugtowing.cz\/?page_id=931","title":{"rendered":"Chcete publikovat vlastn\u00ed p\u0159\u00edsp\u011bvek ?"},"content":{"rendered":"<p>M\u00e1te-li z\u00e1jem publikovat p\u0159\u00edsp\u011bvek na t\u011bchto str\u00e1nk\u00e1ch, postupujte n\u00e1sledovn\u011b:<\/p>\n<ul>\n<li>v textov\u00e9m editoru (nejl\u00e9pe MS Word) napi\u0161te text<\/li>\n<li>vyberte fotografie, kter\u00e9 chcete v p\u0159\u00edsp\u011bvku zobrazit (m\u016f\u017eete je vlo\u017eit p\u0159\u00edmo do textu)<\/li>\n<li>v\u0161echny soubory zabalte do archivu (ZIP, RAR a pod.)<\/li>\n<li>archiv za\u0161lete na adresu: <strong>tugtowing@gmail.com<\/strong><\/li>\n<\/ul>\n<p>Pro odesl\u00e1n\u00ed archivu m\u016f\u017eete vyu\u017e\u00edt klasickou elektronickou po\u0161tu a nebo n\u011bkterou ve\u0159ejnou slu\u017ebu pro p\u0159enos soubor\u016f &#8211; nap\u0159. <a href=\"http:\/\/www.uschovna.cz\" target=\"_blank\">\u00daschovna.cz<\/a><\/p>\n<p>D\u00edky!<\/p>\n<p>Keba<\/p>\n","protected":false},"excerpt":{"rendered":"<p>M\u00e1te-li z\u00e1jem publikovat p\u0159\u00edsp\u011bvek na t\u011bchto str\u00e1nk\u00e1ch, postupujte n\u00e1sledovn\u011b: v textov\u00e9m editoru (nejl\u00e9pe MS Word) napi\u0161te text vyberte fotografie, kter\u00e9 chcete v p\u0159\u00edsp\u011bvku zobrazit (m\u016f\u017eete je vlo\u017eit p\u0159\u00edmo do textu) v\u0161echny soubory zabalte do archivu (ZIP, RAR a pod.) archiv za\u0161lete na adresu: tugtowing@gmail.com Pro odesl\u00e1n\u00ed archivu m\u016f\u017eete vyu\u017e\u00edt klasickou elektronickou po\u0161tu a nebo n\u011bkterou [&hellip;]<\/p>\n","protected":false},"author":2,"featured_media":0,"parent":889,"menu_order":1,"comment_status":"open","ping_status":"open","template":"","meta":{"footnotes":""},"class_list":["post-931","page","type-page","status-publish","hentry"],"_links":{"self":[{"href":"https:\/\/www.tugtowing.cz\/index.php?rest_route=\/wp\/v2\/pages\/931","targetHints":{"allow":["GET"]}}],"collection":[{"href":"https:\/\/www.tugtowing.cz\/index.php?rest_route=\/wp\/v2\/pages"}],"about":[{"href":"https:\/\/www.tugtowing.cz\/index.php?rest_route=\/wp\/v2\/types\/page"}],"author":[{"embeddable":true,"href":"https:\/\/www.tugtowing.cz\/index.php?rest_route=\/wp\/v2\/users\/2"}],"replies":[{"embeddable":true,"href":"https:\/\/www.tugtowing.cz\/index.php?rest_route=%2Fwp%2Fv2%2Fcomments&post=931"}],"version-history":[{"count":0,"href":"https:\/\/www.tugtowing.cz\/index.php?rest_route=\/wp\/v2\/pages\/931\/revisions"}],"up":[{"embeddable":true,"href":"https:\/\/www.tugtowing.cz\/index.php?rest_route=\/wp\/v2\/pages\/889"}],"wp:attachment":[{"href":"https:\/\/www.tugtowing.cz\/index.php?rest_route=%2Fwp%2Fv2%2Fmedia&parent=931"}],"curies":[{"name":"wp","href":"https:\/\/api.w.org\/{rel}","templated":true}]}}